Last updated on 2024-05-01 16:52:51 CEST.
Flavor | Version | Tinstall | Tcheck | Ttotal | Status | Flags |
---|---|---|---|---|---|---|
r-devel-linux-x86_64-debian-clang | 0.2.1 | 7.30 | 57.45 | 64.75 | OK | |
r-devel-linux-x86_64-debian-gcc | 0.2.1 | 5.23 | 41.96 | 47.19 | OK | |
r-devel-linux-x86_64-fedora-clang | 0.2.1 | 79.51 | NOTE | |||
r-devel-linux-x86_64-fedora-gcc | 0.2.1 | 72.60 | OK | |||
r-devel-windows-x86_64 | 0.2.1 | 9.00 | 63.00 | 72.00 | OK | |
r-patched-linux-x86_64 | 0.2.1 | 4.68 | 53.02 | 57.70 | OK | |
r-release-linux-x86_64 | 0.2.1 | 4.25 | 53.90 | 58.15 | OK | |
r-release-macos-arm64 | 0.2.1 | 26.00 | OK | |||
r-release-windows-x86_64 | 0.2.1 | 9.00 | 63.00 | 72.00 | OK | |
r-oldrel-macos-arm64 | 0.2.1 | 35.00 | OK | |||
r-oldrel-macos-x86_64 | 0.2.1 | 50.00 | OK | |||
r-oldrel-windows-x86_64 | 0.2.1 | 11.00 | 70.00 | 81.00 | OK |
Version: 0.2.1
Check: Rd cross-references
Result: NOTE
Undeclared package ‘tidyselect’ in Rd xrefs
Flavor: r-devel-linux-x86_64-fedora-clang