Last updated on 2024-04-21 12:53:53 CEST.
Flavor | Version | Tinstall | Tcheck | Ttotal | Status | Flags |
---|---|---|---|---|---|---|
r-devel-linux-x86_64-debian-clang | 0.1.4 | 8.19 | 142.01 | 150.20 | NOTE | |
r-devel-linux-x86_64-debian-gcc | 0.1.4 | 5.35 | 103.17 | 108.52 | NOTE | |
r-devel-linux-x86_64-fedora-clang | 0.1.4 | 181.68 | NOTE | |||
r-devel-linux-x86_64-fedora-gcc | 0.1.4 | 181.79 | NOTE | |||
r-prerel-macos-arm64 | 0.1.4 | 51.00 | NOTE | |||
r-prerel-windows-x86_64 | 0.1.4 | 10.00 | 126.00 | 136.00 | NOTE | |
r-patched-linux-x86_64 | 0.1.4 | 8.34 | 135.74 | 144.08 | NOTE | |
r-release-linux-x86_64 | 0.1.4 | 5.73 | 134.05 | 139.78 | OK | |
r-release-macos-arm64 | 0.1.4 | 59.00 | OK | |||
r-release-macos-x86_64 | 0.1.4 | 99.00 | OK | |||
r-release-windows-x86_64 | 0.1.4 | 10.00 | 148.00 | 158.00 | OK | |
r-oldrel-macos-arm64 | 0.1.4 | 34.00 | OK | |||
r-oldrel-windows-x86_64 | 0.1.4 | 10.00 | 141.00 | 151.00 | OK |
Version: 0.1.4
Check: Rd files
Result: NOTE
checkRd: (-1) processFlow.Rd:14: Lost braces
14 | \item{roundDigits}{Integer. If NA, numerics are not rounded before comparison. If /code{roundDigits} is specified, numerics are
| ^
checkRd: (-1) processFlow.Rd:15: Lost braces
15 | rounded to /code{roundDigits} decimal places using \link[base]{round}.}
| ^
Flavors: r-devel-linux-x86_64-debian-clang, r-devel-linux-x86_64-debian-gcc, r-devel-linux-x86_64-fedora-clang, r-devel-linux-x86_64-fedora-gcc, r-prerel-macos-arm64, r-prerel-windows-x86_64, r-patched-linux-x86_64