Last updated on 2024-04-17 13:57:25 CEST.
Flavor | Version | Tinstall | Tcheck | Ttotal | Status | Flags |
---|---|---|---|---|---|---|
r-devel-linux-x86_64-debian-clang | 1.1.1 | 16.49 | 130.70 | 147.19 | NOTE | |
r-devel-linux-x86_64-debian-gcc | 1.1.1 | 11.35 | 98.83 | 110.18 | NOTE | |
r-devel-linux-x86_64-fedora-clang | 1.1.1 | 179.55 | NOTE | |||
r-devel-linux-x86_64-fedora-gcc | 1.1.1 | 166.96 | NOTE | |||
r-prerel-macos-arm64 | 1.1.1 | 50.00 | NOTE | |||
r-prerel-windows-x86_64 | 1.1.1 | 13.00 | 123.00 | 136.00 | NOTE | |
r-patched-linux-x86_64 | 1.1.1 | 20.81 | 127.03 | 147.84 | NOTE | |
r-release-linux-x86_64 | 1.1.1 | 11.51 | 130.46 | 141.97 | OK | |
r-release-macos-arm64 | 1.1.1 | 50.00 | OK | |||
r-release-macos-x86_64 | 1.1.1 | 134.00 | OK | |||
r-release-windows-x86_64 | 1.1.1 | 17.00 | 144.00 | 161.00 | OK | |
r-oldrel-macos-arm64 | 1.1.1 | 49.00 | OK | |||
r-oldrel-windows-x86_64 | 1.1.1 | 17.00 | 144.00 | 161.00 | OK |
Version: 1.1.1
Check: Rd files
Result: NOTE
checkRd: (-1) build_date_factor.Rd:15: Lost braces; missing escapes or markup?
15 | Map a vector of dates to a factor at one of these levels {"yearmonth", "yearquarter", "quarter", "month"}
| ^
checkRd: (-1) build_date_factor.Rd:12: Lost braces; missing escapes or markup?
12 | \item{type}{One of {"year", "yearquarter", "yearmonth", "quarter", "month"}}
| ^
Flavors: r-devel-linux-x86_64-debian-clang, r-devel-linux-x86_64-debian-gcc, r-devel-linux-x86_64-fedora-clang, r-devel-linux-x86_64-fedora-gcc, r-prerel-macos-arm64, r-prerel-windows-x86_64, r-patched-linux-x86_64