Last updated on 2024-05-01 16:52:51 CEST.
Flavor | Version | Tinstall | Tcheck | Ttotal | Status | Flags |
---|---|---|---|---|---|---|
r-devel-linux-x86_64-debian-clang | 1.0.2 | 11.29 | 105.11 | 116.40 | NOTE | |
r-devel-linux-x86_64-debian-gcc | 1.0.2 | 6.41 | 78.01 | 84.42 | NOTE | |
r-devel-linux-x86_64-fedora-clang | 1.0.2 | 145.63 | NOTE | |||
r-devel-linux-x86_64-fedora-gcc | 1.0.2 | 147.81 | NOTE | |||
r-devel-windows-x86_64 | 1.0.2 | 11.00 | 114.00 | 125.00 | NOTE | |
r-patched-linux-x86_64 | 1.0.2 | 12.02 | 100.66 | 112.68 | NOTE | |
r-release-linux-x86_64 | 1.0.2 | 6.15 | 100.89 | 107.04 | NOTE | |
r-release-macos-arm64 | 1.0.2 | 54.00 | NOTE | |||
r-release-windows-x86_64 | 1.0.2 | 13.00 | 115.00 | 128.00 | NOTE | |
r-oldrel-macos-arm64 | 1.0.2 | 54.00 | OK | |||
r-oldrel-macos-x86_64 | 1.0.2 | 83.00 | OK | |||
r-oldrel-windows-x86_64 | 1.0.2 | 12.00 | 129.00 | 141.00 | OK |
Version: 1.0.2
Check: Rd files
Result: NOTE
checkRd: (-1) defaultFactorSummaries.Rd:29: Lost braces
29 | code{\link{variableType}}, \code{\link{countMissing}}, \code{\link{uniqueValues}},
| ^
Flavors: r-devel-linux-x86_64-debian-clang, r-devel-linux-x86_64-debian-gcc, r-devel-linux-x86_64-fedora-clang, r-devel-linux-x86_64-fedora-gcc, r-devel-windows-x86_64, r-patched-linux-x86_64, r-release-linux-x86_64, r-release-macos-arm64, r-release-windows-x86_64