CRAN Package Check Results for Package datadogr

Last updated on 2025-01-19 05:49:06 CET.

Flavor Version Tinstall Tcheck Ttotal Status Flags
r-devel-linux-x86_64-debian-clang 0.1.2 2.28 28.85 31.13 OK
r-devel-linux-x86_64-debian-gcc 0.1.2 1.81 22.74 24.55 OK
r-devel-linux-x86_64-fedora-clang 0.1.2 50.07 OK
r-devel-linux-x86_64-fedora-gcc 0.1.2 49.09 OK
r-devel-windows-x86_64 0.1.2 5.00 62.00 67.00 OK
r-patched-linux-x86_64 0.1.2 2.61 26.95 29.56 NOTE
r-release-linux-x86_64 0.1.2 1.84 26.97 28.81 NOTE
r-release-macos-arm64 0.1.2 21.00 NOTE
r-release-macos-x86_64 0.1.2 36.00 NOTE
r-release-windows-x86_64 0.1.2 5.00 58.00 63.00 NOTE
r-oldrel-macos-arm64 0.1.2 21.00 NOTE
r-oldrel-macos-x86_64 0.1.2 30.00 NOTE
r-oldrel-windows-x86_64 0.1.2 5.00 58.00 63.00 NOTE

Check Details

Version: 0.1.2
Check: LazyData
Result: NOTE 'LazyData' is specified without a 'data' directory Flavors: r-patched-linux-x86_64, r-release-linux-x86_64, r-release-macos-arm64, r-release-macos-x86_64, r-release-windows-x86_64, r-oldrel-macos-arm64, r-oldrel-macos-x86_64, r-oldrel-windows-x86_64