Last updated on 2025-01-19 05:49:06 CET.
Flavor | Version | Tinstall | Tcheck | Ttotal | Status | Flags |
---|---|---|---|---|---|---|
r-devel-linux-x86_64-debian-clang | 3.1.0 | 2.88 | 31.79 | 34.67 | OK | |
r-devel-linux-x86_64-debian-gcc | 3.1.0 | 2.00 | 24.71 | 26.71 | OK | |
r-devel-linux-x86_64-fedora-clang | 3.1.0 | 57.52 | OK | |||
r-devel-linux-x86_64-fedora-gcc | 3.1.0 | 68.52 | OK | |||
r-devel-windows-x86_64 | 3.1.0 | 5.00 | 65.00 | 70.00 | OK | |
r-patched-linux-x86_64 | 3.1.0 | 3.07 | 30.32 | 33.39 | NOTE | |
r-release-linux-x86_64 | 3.1.0 | 2.65 | 30.22 | 32.87 | NOTE | |
r-release-macos-arm64 | 3.1.0 | 26.00 | NOTE | |||
r-release-macos-x86_64 | 3.1.0 | 40.00 | NOTE | |||
r-release-windows-x86_64 | 3.1.0 | 5.00 | 58.00 | 63.00 | NOTE | |
r-oldrel-macos-arm64 | 3.1.0 | 26.00 | NOTE | |||
r-oldrel-macos-x86_64 | 3.1.0 | 41.00 | NOTE | |||
r-oldrel-windows-x86_64 | 3.1.0 | 5.00 | 58.00 | 63.00 | NOTE |
Version: 3.1.0
Check: LazyData
Result: NOTE
'LazyData' is specified without a 'data' directory
Flavors: r-patched-linux-x86_64, r-release-linux-x86_64, r-release-macos-arm64, r-release-macos-x86_64, r-release-windows-x86_64, r-oldrel-macos-arm64, r-oldrel-macos-x86_64, r-oldrel-windows-x86_64