CRAN Package Check Results for Package datetime

Last updated on 2025-01-19 05:49:06 CET.

Flavor Version Tinstall Tcheck Ttotal Status Flags
r-devel-linux-x86_64-debian-clang 0.1.4 1.98 18.07 20.05 OK
r-devel-linux-x86_64-debian-gcc 0.1.4 1.56 14.93 16.49 OK
r-devel-linux-x86_64-fedora-clang 0.1.4 34.37 OK
r-devel-linux-x86_64-fedora-gcc 0.1.4 34.08 OK
r-devel-windows-x86_64 0.1.4 5.00 42.00 47.00 OK
r-patched-linux-x86_64 0.1.4 2.07 17.33 19.40 NOTE
r-release-linux-x86_64 0.1.4 1.98 17.47 19.45 NOTE
r-release-macos-arm64 0.1.4 13.00 NOTE
r-release-macos-x86_64 0.1.4 29.00 NOTE
r-release-windows-x86_64 0.1.4 2.00 43.00 45.00 NOTE
r-oldrel-macos-arm64 0.1.4 16.00 NOTE
r-oldrel-macos-x86_64 0.1.4 21.00 NOTE
r-oldrel-windows-x86_64 0.1.4 3.00 41.00 44.00 NOTE

Check Details

Version: 0.1.4
Check: package dependencies
Result: NOTE Package suggested but not available for checking: ‘SASxport’ Flavors: r-patched-linux-x86_64, r-release-linux-x86_64, r-release-macos-arm64, r-release-macos-x86_64, r-release-windows-x86_64, r-oldrel-macos-arm64, r-oldrel-macos-x86_64, r-oldrel-windows-x86_64

Version: 0.1.4
Check: LazyData
Result: NOTE 'LazyData' is specified without a 'data' directory Flavors: r-patched-linux-x86_64, r-release-linux-x86_64, r-release-macos-arm64, r-release-macos-x86_64, r-release-windows-x86_64, r-oldrel-macos-arm64, r-oldrel-macos-x86_64, r-oldrel-windows-x86_64