CRAN Package Check Results for Package dblr

Last updated on 2025-01-19 05:49:06 CET.

Flavor Version Tinstall Tcheck Ttotal Status Flags
r-devel-linux-x86_64-debian-clang 0.1.0 6.87 57.56 64.43 OK
r-devel-linux-x86_64-debian-gcc 0.1.0 4.68 42.88 47.56 OK
r-devel-linux-x86_64-fedora-clang 0.1.0 100.15 OK
r-devel-linux-x86_64-fedora-gcc 0.1.0 96.06 OK
r-devel-windows-x86_64 0.1.0 8.00 66.00 74.00 OK
r-patched-linux-x86_64 0.1.0 5.14 51.02 56.16 NOTE
r-release-linux-x86_64 0.1.0 6.42 52.69 59.11 NOTE
r-release-macos-arm64 0.1.0 29.00 NOTE
r-release-macos-x86_64 0.1.0 42.00 NOTE
r-release-windows-x86_64 0.1.0 7.00 67.00 74.00 NOTE
r-oldrel-macos-arm64 0.1.0 31.00 NOTE
r-oldrel-macos-x86_64 0.1.0 50.00 NOTE
r-oldrel-windows-x86_64 0.1.0 9.00 79.00 88.00 NOTE

Check Details

Version: 0.1.0
Check: LazyData
Result: NOTE 'LazyData' is specified without a 'data' directory Flavors: r-patched-linux-x86_64, r-release-linux-x86_64, r-release-macos-arm64, r-release-macos-x86_64, r-release-windows-x86_64, r-oldrel-macos-arm64, r-oldrel-macos-x86_64, r-oldrel-windows-x86_64