Last updated on 2024-03-28 14:48:26 CET.
Flavor | Version | Tinstall | Tcheck | Ttotal | Status | Flags |
---|---|---|---|---|---|---|
r-devel-linux-x86_64-debian-clang | 1.2.0 | 3.39 | 50.23 | 53.62 | OK | |
r-devel-linux-x86_64-debian-gcc | 1.2.0 | 3.94 | 37.43 | 41.37 | OK | |
r-devel-linux-x86_64-fedora-clang | 1.2.0 | 61.67 | OK | |||
r-devel-linux-x86_64-fedora-gcc | 1.2.0 | 66.40 | OK | |||
r-devel-windows-x86_64 | 1.2.0 | 5.00 | 55.00 | 60.00 | OK | |
r-patched-linux-x86_64 | 1.2.0 | 5.12 | 48.40 | 53.52 | OK | |
r-release-linux-x86_64 | 1.2.0 | 2.85 | 44.32 | 47.17 | OK | |
r-release-macos-arm64 | 1.2.0 | 24.00 | OK | |||
r-release-macos-x86_64 | 1.2.0 | 69.00 | OK | |||
r-release-windows-x86_64 | 1.2.0 | 6.00 | 59.00 | 65.00 | OK | |
r-oldrel-macos-arm64 | 1.2.0 | 11.00 | ERROR | |||
r-oldrel-windows-x86_64 | 1.2.0 | 7.00 | 64.00 | 71.00 | OK |
Version: 1.2.0
Check: package dependencies
Result: ERROR
Package required but not available: ‘RedeR’
See section ‘The DESCRIPTION file’ in the ‘Writing R Extensions’
manual.
Flavor: r-oldrel-macos-arm64