Last updated on 2025-01-19 05:49:06 CET.
Flavor | Version | Tinstall | Tcheck | Ttotal | Status | Flags |
---|---|---|---|---|---|---|
r-devel-linux-x86_64-debian-clang | 1.3.0 | 13.86 | 201.09 | 214.95 | NOTE | |
r-devel-linux-x86_64-debian-gcc | 1.3.0 | 9.93 | 147.07 | 157.00 | NOTE | |
r-devel-linux-x86_64-fedora-clang | 1.3.0 | 358.10 | OK | |||
r-devel-linux-x86_64-fedora-gcc | 1.3.0 | 380.47 | OK | |||
r-devel-windows-x86_64 | 1.3.0 | 14.00 | 249.00 | 263.00 | NOTE | |
r-patched-linux-x86_64 | 1.3.0 | 17.69 | 197.88 | 215.57 | OK | |
r-release-linux-x86_64 | 1.3.0 | 12.36 | 197.24 | 209.60 | OK | |
r-release-macos-arm64 | 1.3.0 | 160.00 | OK | |||
r-release-macos-x86_64 | 1.3.0 | 226.00 | OK | |||
r-release-windows-x86_64 | 1.3.0 | 12.00 | 253.00 | 265.00 | OK | |
r-oldrel-macos-arm64 | 1.3.0 | 114.00 | OK | |||
r-oldrel-macos-x86_64 | 1.3.0 | 254.00 | OK | |||
r-oldrel-windows-x86_64 | 1.3.0 | 15.00 | 264.00 | 279.00 | OK |
Version: 1.3.0
Check: Rd cross-references
Result: NOTE
Found the following Rd file(s) with Rd \link{} targets missing package
anchors:
dNTD.Rd: plotTensor3D
dNTF.Rd: plotTensor3D
Please provide package anchors for all Rd \link{} targets not in the
package itself and the base packages.
Flavors: r-devel-linux-x86_64-debian-clang, r-devel-linux-x86_64-debian-gcc, r-devel-windows-x86_64