CRAN Package Check Results for Package dcortools

Last updated on 2025-01-19 05:49:06 CET.

Flavor Version Tinstall Tcheck Ttotal Status Flags
r-devel-linux-x86_64-debian-clang 0.1.6 45.08 45.54 90.62 NOTE
r-devel-linux-x86_64-debian-gcc 0.1.6 32.04 31.45 63.49 NOTE
r-devel-linux-x86_64-fedora-clang 0.1.6 182.48 NOTE
r-devel-linux-x86_64-fedora-gcc 0.1.6 183.29 NOTE
r-devel-windows-x86_64 0.1.6 53.00 84.00 137.00 NOTE
r-patched-linux-x86_64 0.1.6 45.85 42.98 88.83 NOTE
r-release-linux-x86_64 0.1.6 44.86 43.53 88.39 NOTE
r-release-macos-arm64 0.1.6 39.00 NOTE
r-release-macos-x86_64 0.1.6 53.00 NOTE
r-release-windows-x86_64 0.1.6 50.00 82.00 132.00 NOTE
r-oldrel-macos-arm64 0.1.6 43.00 NOTE
r-oldrel-macos-x86_64 0.1.6 75.00 NOTE
r-oldrel-windows-x86_64 0.1.6 61.00 97.00 158.00 NOTE

Check Details

Version: 0.1.6
Check: C++ specification
Result: NOTE Specified C++11: please drop specification unless essential Flavors: r-devel-linux-x86_64-debian-clang, r-devel-linux-x86_64-debian-gcc, r-devel-linux-x86_64-fedora-clang, r-devel-linux-x86_64-fedora-gcc, r-devel-windows-x86_64, r-patched-linux-x86_64, r-release-linux-x86_64, r-release-macos-arm64, r-release-macos-x86_64, r-release-windows-x86_64, r-oldrel-macos-arm64, r-oldrel-macos-x86_64, r-oldrel-windows-x86_64