Last updated on 2025-01-19 05:49:06 CET.
Flavor | Version | Tinstall | Tcheck | Ttotal | Status | Flags |
---|---|---|---|---|---|---|
r-devel-linux-x86_64-debian-clang | 0.9.2 | 35.43 | 23.19 | 58.62 | NOTE | |
r-devel-linux-x86_64-debian-gcc | 0.9.2 | 25.45 | 18.77 | 44.22 | NOTE | |
r-devel-linux-x86_64-fedora-clang | 0.9.2 | 116.04 | NOTE | |||
r-devel-linux-x86_64-fedora-gcc | 0.9.2 | 116.53 | NOTE | |||
r-devel-windows-x86_64 | 0.9.2 | 39.00 | 69.00 | 108.00 | NOTE | |
r-patched-linux-x86_64 | 0.9.2 | 36.38 | 22.36 | 58.74 | NOTE | |
r-release-linux-x86_64 | 0.9.2 | 34.50 | 22.20 | 56.70 | NOTE | |
r-release-macos-arm64 | 0.9.2 | 30.00 | NOTE | |||
r-release-macos-x86_64 | 0.9.2 | 34.00 | NOTE | |||
r-release-windows-x86_64 | 0.9.2 | 38.00 | 67.00 | 105.00 | NOTE | |
r-oldrel-macos-arm64 | 0.9.2 | 34.00 | NOTE | |||
r-oldrel-macos-x86_64 | 0.9.2 | 52.00 | NOTE | |||
r-oldrel-windows-x86_64 | 0.9.2 | 45.00 | 79.00 | 124.00 | NOTE |
Version: 0.9.2
Check: C++ specification
Result: NOTE
Specified C++11: please drop specification unless essential
Flavors: r-devel-linux-x86_64-debian-clang, r-devel-linux-x86_64-debian-gcc, r-devel-linux-x86_64-fedora-clang, r-devel-linux-x86_64-fedora-gcc, r-devel-windows-x86_64, r-patched-linux-x86_64, r-release-linux-x86_64, r-release-macos-arm64, r-release-macos-x86_64, r-release-windows-x86_64, r-oldrel-macos-arm64, r-oldrel-macos-x86_64, r-oldrel-windows-x86_64