Last updated on 2024-03-28 14:48:26 CET.
Flavor | Version | Tinstall | Tcheck | Ttotal | Status | Flags |
---|---|---|---|---|---|---|
r-devel-linux-x86_64-debian-clang | 1.15.2 | 9.38 | 210.87 | 220.25 | NOTE | |
r-devel-linux-x86_64-debian-gcc | 1.15.2 | 5.33 | 156.87 | 162.20 | NOTE | |
r-devel-linux-x86_64-fedora-clang | 1.15.2 | 260.09 | NOTE | |||
r-devel-linux-x86_64-fedora-gcc | 1.15.2 | 282.84 | NOTE | |||
r-devel-windows-x86_64 | 1.15.2 | 9.00 | 287.00 | 296.00 | NOTE | |
r-patched-linux-x86_64 | 1.15.2 | 12.28 | 205.63 | 217.91 | NOTE | |
r-release-linux-x86_64 | 1.15.2 | 7.41 | 207.28 | 214.69 | OK | |
r-release-macos-arm64 | 1.15.2 | 91.00 | OK | |||
r-release-macos-x86_64 | 1.15.2 | 196.00 | OK | |||
r-release-windows-x86_64 | 1.15.2 | 11.00 | 295.00 | 306.00 | OK | |
r-oldrel-macos-arm64 | 1.15.2 | 85.00 | OK | |||
r-oldrel-windows-x86_64 | 1.15.2 | 12.00 | 281.00 | 293.00 | OK |
Version: 1.15.2
Check: Rd files
Result: NOTE
checkRd: (-1) plot.ddpcr_plate.Rd:136-137: Lost braces in \itemize; meant \describe ?
checkRd: (-1) plot.ddpcr_plate.Rd:138-139: Lost braces in \itemize; meant \describe ?
checkRd: (-1) plot.ddpcr_plate.Rd:140-141: Lost braces in \itemize; meant \describe ?
Flavors: r-devel-linux-x86_64-debian-clang, r-devel-linux-x86_64-debian-gcc, r-devel-linux-x86_64-fedora-clang, r-devel-linux-x86_64-fedora-gcc, r-devel-windows-x86_64, r-patched-linux-x86_64
Version: 1.15.2
Check: dependencies in R code
Result: NOTE
Namespace in Imports field not imported from: ‘shinydisconnect’
All declared Imports should be used.
Flavors: r-devel-linux-x86_64-fedora-clang, r-devel-linux-x86_64-fedora-gcc