Last updated on 2024-04-17 13:57:25 CEST.
Flavor | Version | Tinstall | Tcheck | Ttotal | Status | Flags |
---|---|---|---|---|---|---|
r-devel-linux-x86_64-debian-clang | 1.2.1 | 62.13 | 88.77 | 150.90 | OK | |
r-devel-linux-x86_64-debian-gcc | 1.2.1 | 50.39 | 68.06 | 118.45 | OK | |
r-devel-linux-x86_64-fedora-clang | 1.2.1 | 189.83 | OK | |||
r-devel-linux-x86_64-fedora-gcc | 1.2.1 | 220.71 | OK | |||
r-prerel-macos-arm64 | 1.2.1 | 60.00 | NOTE | |||
r-prerel-macos-x86_64 | 1.2.1 | 151.00 | NOTE | |||
r-prerel-windows-x86_64 | 1.2.1 | 44.00 | 103.00 | 147.00 | OK | |
r-patched-linux-x86_64 | 1.2.1 | 61.38 | 91.54 | 152.92 | OK | |
r-release-linux-x86_64 | 1.2.1 | 55.01 | 93.28 | 148.29 | OK | |
r-release-macos-arm64 | 1.2.1 | 65.00 | NOTE | |||
r-release-macos-x86_64 | 1.2.1 | 121.00 | NOTE | |||
r-release-windows-x86_64 | 1.2.1 | 57.00 | 135.00 | 192.00 | OK | |
r-oldrel-macos-arm64 | 1.2.1 | 62.00 | NOTE | |||
r-oldrel-windows-x86_64 | 1.2.1 | 55.00 | 137.00 | 192.00 | OK |
Version: 1.2.1
Check: installed package size
Result: NOTE
installed size is 15.2Mb
sub-directories of 1Mb or more:
libs 14.5Mb
Flavors: r-prerel-macos-arm64, r-prerel-macos-x86_64, r-release-macos-arm64, r-release-macos-x86_64, r-oldrel-macos-arm64