CRAN Package Check Results for Package decido

Last updated on 2025-01-19 05:49:06 CET.

Flavor Version Tinstall Tcheck Ttotal Status Flags
r-devel-linux-x86_64-debian-clang 0.3.0 9.84 28.54 38.38 NOTE
r-devel-linux-x86_64-debian-gcc 0.3.0 8.15 23.35 31.50 NOTE
r-devel-linux-x86_64-fedora-clang 0.3.0 70.08 NOTE
r-devel-linux-x86_64-fedora-gcc 0.3.0 88.76 NOTE
r-devel-windows-x86_64 0.3.0 14.00 71.00 85.00 NOTE
r-patched-linux-x86_64 0.3.0 10.24 27.42 37.66 NOTE
r-release-linux-x86_64 0.3.0 10.87 27.62 38.49 NOTE
r-release-macos-arm64 0.3.0 29.00 NOTE
r-release-macos-x86_64 0.3.0 46.00 NOTE
r-release-windows-x86_64 0.3.0 14.00 75.00 89.00 NOTE
r-oldrel-macos-arm64 0.3.0 29.00 NOTE
r-oldrel-macos-x86_64 0.3.0 54.00 NOTE
r-oldrel-windows-x86_64 0.3.0 15.00 82.00 97.00 NOTE

Check Details

Version: 0.3.0
Check: C++ specification
Result: NOTE Specified C++11: please drop specification unless essential Flavors: r-devel-linux-x86_64-debian-clang, r-devel-linux-x86_64-debian-gcc, r-devel-linux-x86_64-fedora-clang, r-devel-linux-x86_64-fedora-gcc, r-devel-windows-x86_64, r-patched-linux-x86_64, r-release-linux-x86_64, r-release-macos-arm64, r-release-macos-x86_64, r-release-windows-x86_64, r-oldrel-macos-arm64, r-oldrel-macos-x86_64, r-oldrel-windows-x86_64

Version: 0.3.0
Check: LazyData
Result: NOTE 'LazyData' is specified without a 'data' directory Flavors: r-patched-linux-x86_64, r-release-linux-x86_64, r-release-macos-arm64, r-release-macos-x86_64, r-release-windows-x86_64, r-oldrel-macos-arm64, r-oldrel-macos-x86_64, r-oldrel-windows-x86_64