CRAN Package Check Results for Package demoShiny

Last updated on 2025-01-19 05:49:06 CET.

Flavor Version Tinstall Tcheck Ttotal Status Flags
r-devel-linux-x86_64-debian-clang 0.1 3.56 32.23 35.79 OK
r-devel-linux-x86_64-debian-gcc 0.1 2.55 25.24 27.79 OK
r-devel-linux-x86_64-fedora-clang 0.1 58.95 OK
r-devel-linux-x86_64-fedora-gcc 0.1 71.50 OK
r-devel-windows-x86_64 0.1 6.00 53.00 59.00 OK
r-patched-linux-x86_64 0.1 3.25 31.17 34.42 NOTE
r-release-linux-x86_64 0.1 3.35 30.91 34.26 NOTE
r-release-macos-arm64 0.1 27.00 NOTE
r-release-macos-x86_64 0.1 40.00 NOTE
r-release-windows-x86_64 0.1 5.00 54.00 59.00 NOTE
r-oldrel-macos-arm64 0.1 26.00 NOTE
r-oldrel-macos-x86_64 0.1 40.00 NOTE
r-oldrel-windows-x86_64 0.1 5.00 58.00 63.00 NOTE

Check Details

Version: 0.1
Check: LazyData
Result: NOTE 'LazyData' is specified without a 'data' directory Flavors: r-patched-linux-x86_64, r-release-linux-x86_64, r-release-macos-arm64, r-release-macos-x86_64, r-release-windows-x86_64, r-oldrel-macos-arm64, r-oldrel-macos-x86_64, r-oldrel-windows-x86_64