Last updated on 2025-01-19 05:49:06 CET.
Flavor | Version | Tinstall | Tcheck | Ttotal | Status | Flags |
---|---|---|---|---|---|---|
r-devel-linux-x86_64-debian-clang | 1.0.0 | 106.71 | 61.59 | 168.30 | OK | |
r-devel-linux-x86_64-debian-gcc | 1.0.0 | 80.39 | 48.48 | 128.87 | OK | |
r-devel-linux-x86_64-fedora-clang | 1.0.0 | 339.61 | OK | |||
r-devel-linux-x86_64-fedora-gcc | 1.0.0 | 361.24 | OK | |||
r-devel-windows-x86_64 | 1.0.0 | 121.00 | 111.00 | 232.00 | OK | |
r-patched-linux-x86_64 | 1.0.0 | 113.97 | 62.16 | 176.13 | OK | |
r-release-linux-x86_64 | 1.0.0 | 112.90 | 62.55 | 175.45 | OK | |
r-release-macos-arm64 | 1.0.0 | 97.00 | NOTE | |||
r-release-macos-x86_64 | 1.0.0 | 176.00 | NOTE | |||
r-release-windows-x86_64 | 1.0.0 | 125.00 | 110.00 | 235.00 | NOTE | |
r-oldrel-macos-arm64 | 1.0.0 | 102.00 | NOTE | |||
r-oldrel-macos-x86_64 | 1.0.0 | 141.00 | NOTE | |||
r-oldrel-windows-x86_64 | 1.0.0 | 136.00 | 126.00 | 262.00 | NOTE |
Version: 1.0.0
Check: installed package size
Result: NOTE
installed size is 17.7Mb
sub-directories of 1Mb or more:
doc 2.4Mb
help 2.2Mb
libs 13.0Mb
Flavors: r-release-macos-arm64, r-release-macos-x86_64, r-release-windows-x86_64, r-oldrel-macos-arm64, r-oldrel-macos-x86_64, r-oldrel-windows-x86_64