Last updated on 2024-04-17 13:57:25 CEST.
Flavor | Version | Tinstall | Tcheck | Ttotal | Status | Flags |
---|---|---|---|---|---|---|
r-devel-linux-x86_64-debian-clang | 0.2.5 | 4.08 | 69.98 | 74.06 | NOTE | |
r-devel-linux-x86_64-debian-gcc | 0.2.5 | 3.64 | 54.37 | 58.01 | NOTE | |
r-devel-linux-x86_64-fedora-clang | 0.2.5 | 107.95 | NOTE | |||
r-devel-linux-x86_64-fedora-gcc | 0.2.5 | 115.67 | NOTE | |||
r-prerel-macos-arm64 | 0.2.5 | 37.00 | NOTE | |||
r-prerel-windows-x86_64 | 0.2.5 | 7.00 | 124.00 | 131.00 | NOTE | |
r-patched-linux-x86_64 | 0.2.5 | 4.74 | 66.91 | 71.65 | NOTE | |
r-release-linux-x86_64 | 0.2.5 | 5.56 | 63.06 | 68.62 | NOTE | |
r-release-macos-arm64 | 0.2.5 | 36.00 | NOTE | |||
r-release-macos-x86_64 | 0.2.5 | 48.00 | NOTE | |||
r-release-windows-x86_64 | 0.2.5 | 6.00 | 110.00 | 116.00 | NOTE | |
r-oldrel-macos-arm64 | 0.2.5 | 32.00 | OK | |||
r-oldrel-windows-x86_64 | 0.2.5 | 8.00 | 114.00 | 122.00 | OK |
Version: 0.2.5
Check: Rd files
Result: NOTE
checkRd: (-1) barriers.Rd:127: Escaped LaTeX specials: \$
Flavors: r-devel-linux-x86_64-debian-clang, r-devel-linux-x86_64-debian-gcc, r-devel-linux-x86_64-fedora-clang, r-devel-linux-x86_64-fedora-gcc, r-prerel-macos-arm64, r-prerel-windows-x86_64, r-patched-linux-x86_64, r-release-linux-x86_64, r-release-macos-arm64, r-release-macos-x86_64, r-release-windows-x86_64