Last updated on 2025-01-19 05:49:06 CET.
Flavor | Version | Tinstall | Tcheck | Ttotal | Status | Flags |
---|---|---|---|---|---|---|
r-devel-linux-x86_64-debian-clang | 0.2.5 | 3.48 | 56.69 | 60.17 | NOTE | |
r-devel-linux-x86_64-debian-gcc | 0.2.5 | 2.72 | 41.85 | 44.57 | NOTE | |
r-devel-linux-x86_64-fedora-clang | 0.2.5 | 102.72 | NOTE | |||
r-devel-linux-x86_64-fedora-gcc | 0.2.5 | 110.76 | NOTE | |||
r-devel-windows-x86_64 | 0.2.5 | 6.00 | 134.00 | 140.00 | NOTE | |
r-patched-linux-x86_64 | 0.2.5 | 4.40 | 54.43 | 58.83 | NOTE | |
r-release-linux-x86_64 | 0.2.5 | 3.74 | 53.06 | 56.80 | NOTE | |
r-release-macos-arm64 | 0.2.5 | 37.00 | NOTE | |||
r-release-macos-x86_64 | 0.2.5 | 57.00 | NOTE | |||
r-release-windows-x86_64 | 0.2.5 | 6.00 | 139.00 | 145.00 | NOTE | |
r-oldrel-macos-arm64 | 0.2.5 | 36.00 | NOTE | |||
r-oldrel-macos-x86_64 | 0.2.5 | 48.00 | NOTE | |||
r-oldrel-windows-x86_64 | 0.2.5 | 6.00 | 115.00 | 121.00 | NOTE |
Version: 0.2.5
Check: Rd files
Result: NOTE
checkRd: (-1) barriers.Rd:127: Escaped LaTeX specials: \$
Flavors: r-devel-linux-x86_64-debian-clang, r-devel-linux-x86_64-debian-gcc, r-devel-linux-x86_64-fedora-clang, r-devel-linux-x86_64-fedora-gcc, r-devel-windows-x86_64, r-patched-linux-x86_64, r-release-linux-x86_64, r-release-macos-arm64, r-release-macos-x86_64, r-release-windows-x86_64, r-oldrel-macos-arm64, r-oldrel-macos-x86_64, r-oldrel-windows-x86_64