Last updated on 2025-01-19 05:49:06 CET.
Flavor | Version | Tinstall | Tcheck | Ttotal | Status | Flags |
---|---|---|---|---|---|---|
r-devel-linux-x86_64-debian-clang | 0.6.0 | 7.41 | 116.19 | 123.60 | OK | |
r-devel-linux-x86_64-debian-gcc | 0.6.0 | 5.43 | 79.96 | 85.39 | OK | |
r-devel-linux-x86_64-fedora-clang | 0.6.0 | 201.44 | OK | |||
r-devel-linux-x86_64-fedora-gcc | 0.6.0 | 201.81 | OK | |||
r-devel-windows-x86_64 | 0.6.0 | 11.00 | 127.00 | 138.00 | OK | |
r-patched-linux-x86_64 | 0.6.0 | 7.55 | 108.80 | 116.35 | OK | |
r-release-linux-x86_64 | 0.6.0 | 6.93 | 109.52 | 116.45 | OK | |
r-release-macos-arm64 | 0.6.0 | 67.00 | OK | |||
r-release-macos-x86_64 | 0.6.0 | 89.00 | WARN | |||
r-release-windows-x86_64 | 0.6.0 | 10.00 | 124.00 | 134.00 | OK | |
r-oldrel-macos-arm64 | 0.6.0 | 62.00 | OK | |||
r-oldrel-macos-x86_64 | 0.6.0 | 101.00 | OK | |||
r-oldrel-windows-x86_64 | 0.6.0 | 11.00 | 150.00 | 161.00 | OK |
Version: 0.6.0
Check: package dependencies
Result: WARN
Skipping vignette re-building
Package suggested but not available for checking: ‘knitr’
VignetteBuilder package required for checking but not installed: ‘knitr’
Flavor: r-release-macos-x86_64