CRAN Package Check Results for Package detectRUNS

Last updated on 2019-11-13 12:46:55 CET.

Flavor Version Tinstall Tcheck Ttotal Status Flags
r-devel-linux-x86_64-debian-clang 0.9.6 27.04 75.62 102.66 OK
r-devel-linux-x86_64-debian-gcc 0.9.6 21.91 56.81 78.72 OK
r-devel-linux-x86_64-fedora-clang 0.9.6 130.65 NOTE
r-devel-linux-x86_64-fedora-gcc 0.9.6 127.31 OK
r-devel-windows-ix86+x86_64 0.9.6 82.00 179.00 261.00 OK
r-patched-linux-x86_64 0.9.6 22.92 72.82 95.74 OK
r-patched-solaris-x86 0.9.6 158.30 OK
r-release-linux-x86_64 0.9.6 23.76 73.28 97.04 OK
r-release-windows-ix86+x86_64 0.9.6 68.00 195.00 263.00 OK
r-release-osx-x86_64 0.9.6 NOTE
r-oldrel-windows-ix86+x86_64 0.9.6 52.00 195.00 247.00 OK
r-oldrel-osx-x86_64 0.9.6 NOTE

Check Details

Version: 0.9.6
Check: installed package size
Result: NOTE
     installed size is 5.2Mb
     sub-directories of 1Mb or more:
     extdata 2.1Mb
     libs 2.2Mb
Flavors: r-devel-linux-x86_64-fedora-clang, r-release-osx-x86_64, r-oldrel-osx-x86_64