Last updated on 2025-01-19 05:49:06 CET.
Flavor | Version | Tinstall | Tcheck | Ttotal | Status | Flags |
---|---|---|---|---|---|---|
r-devel-linux-x86_64-debian-clang | 0.9.6 | 19.86 | 85.04 | 104.90 | OK | |
r-devel-linux-x86_64-debian-gcc | 0.9.6 | 15.67 | 61.38 | 77.05 | OK | |
r-devel-linux-x86_64-fedora-clang | 0.9.6 | 176.80 | OK | |||
r-devel-linux-x86_64-fedora-gcc | 0.9.6 | 188.26 | OK | |||
r-devel-windows-x86_64 | 0.9.6 | 28.00 | 126.00 | 154.00 | OK | |
r-patched-linux-x86_64 | 0.9.6 | 21.75 | 79.03 | 100.78 | NOTE | |
r-release-linux-x86_64 | 0.9.6 | 24.14 | 77.84 | 101.98 | NOTE | |
r-release-macos-arm64 | 0.9.6 | 53.00 | NOTE | |||
r-release-macos-x86_64 | 0.9.6 | 94.00 | NOTE | |||
r-release-windows-x86_64 | 0.9.6 | 29.00 | 122.00 | 151.00 | NOTE | |
r-oldrel-macos-arm64 | 0.9.6 | 57.00 | NOTE | |||
r-oldrel-macos-x86_64 | 0.9.6 | 100.00 | NOTE | |||
r-oldrel-windows-x86_64 | 0.9.6 | 32.00 | 141.00 | 173.00 | NOTE |
Version: 0.9.6
Check: LazyData
Result: NOTE
'LazyData' is specified without a 'data' directory
Flavors: r-patched-linux-x86_64, r-release-linux-x86_64, r-release-macos-arm64, r-release-macos-x86_64, r-release-windows-x86_64, r-oldrel-macos-arm64, r-oldrel-macos-x86_64, r-oldrel-windows-x86_64
Version: 0.9.6
Check: installed package size
Result: NOTE
installed size is 5.2Mb
sub-directories of 1Mb or more:
extdata 2.1Mb
libs 2.3Mb
Flavors: r-release-macos-arm64, r-release-macos-x86_64, r-oldrel-macos-arm64, r-oldrel-macos-x86_64