Last updated on 2024-04-21 12:53:54 CEST.
Flavor | Version | Tinstall | Tcheck | Ttotal | Status | Flags |
---|---|---|---|---|---|---|
r-devel-linux-x86_64-debian-clang | 0.2.6 | 16.37 | 111.57 | 127.94 | OK | |
r-devel-linux-x86_64-debian-gcc | 0.2.6 | 11.76 | 84.72 | 96.48 | OK | |
r-devel-linux-x86_64-fedora-clang | 0.2.6 | 169.63 | NOTE | |||
r-devel-linux-x86_64-fedora-gcc | 0.2.6 | 171.48 | OK | |||
r-prerel-macos-arm64 | 0.2.6 | 55.00 | OK | |||
r-prerel-windows-x86_64 | 0.2.6 | 17.00 | 94.00 | 111.00 | OK | |
r-patched-linux-x86_64 | 0.2.6 | 18.62 | 109.58 | 128.20 | OK | |
r-release-linux-x86_64 | 0.2.6 | 11.68 | 105.39 | 117.07 | OK | |
r-release-macos-arm64 | 0.2.6 | 51.00 | OK | |||
r-release-macos-x86_64 | 0.2.6 | 90.00 | NOTE | |||
r-release-windows-x86_64 | 0.2.6 | 21.00 | 113.00 | 134.00 | OK | |
r-oldrel-macos-arm64 | 0.2.6 | 41.00 | OK | |||
r-oldrel-windows-x86_64 | 0.2.6 | 24.00 | 116.00 | 140.00 | OK |
Version: 0.2.6
Check: package dependencies
Result: NOTE
Imports includes 22 non-default packages.
Importing from so many packages makes the package vulnerable to any of
them becoming unavailable. Move as many as possible to Suggests and
use conditionally.
Flavor: r-devel-linux-x86_64-fedora-clang
Version: 0.2.6
Check: package dependencies
Result: NOTE
Packages suggested but not available for checking: 'psych', 'sirt'
Flavor: r-release-macos-x86_64