Last updated on 2025-01-19 05:49:07 CET.
Flavor | Version | Tinstall | Tcheck | Ttotal | Status | Flags |
---|---|---|---|---|---|---|
r-devel-linux-x86_64-debian-clang | 2.0.1 | 20.50 | 32.32 | 52.82 | NOTE | |
r-devel-linux-x86_64-debian-gcc | 2.0.1 | 12.63 | 25.27 | 37.90 | NOTE | |
r-devel-linux-x86_64-fedora-clang | 2.0.1 | 94.54 | NOTE | |||
r-devel-linux-x86_64-fedora-gcc | 2.0.1 | 94.35 | NOTE | |||
r-devel-windows-x86_64 | 2.0.1 | 24.00 | 80.00 | 104.00 | NOTE | |
r-patched-linux-x86_64 | 2.0.1 | 20.56 | 31.32 | 51.88 | NOTE | |
r-release-linux-x86_64 | 2.0.1 | 16.92 | 31.05 | 47.97 | NOTE | |
r-release-macos-arm64 | 2.0.1 | 28.00 | NOTE | |||
r-release-macos-x86_64 | 2.0.1 | 39.00 | NOTE | |||
r-release-windows-x86_64 | 2.0.1 | 22.00 | 81.00 | 103.00 | NOTE | |
r-oldrel-macos-arm64 | 2.0.1 | 30.00 | NOTE | |||
r-oldrel-macos-x86_64 | 2.0.1 | 48.00 | NOTE | |||
r-oldrel-windows-x86_64 | 2.0.1 | 26.00 | 89.00 | 115.00 | NOTE |
Version: 2.0.1
Check: C++ specification
Result: NOTE
Specified C++11: please drop specification unless essential
Flavors: r-devel-linux-x86_64-debian-clang, r-devel-linux-x86_64-debian-gcc, r-devel-linux-x86_64-fedora-clang, r-devel-linux-x86_64-fedora-gcc, r-devel-windows-x86_64, r-patched-linux-x86_64, r-release-linux-x86_64, r-release-macos-arm64, r-release-macos-x86_64, r-release-windows-x86_64, r-oldrel-macos-arm64, r-oldrel-macos-x86_64, r-oldrel-windows-x86_64