Last updated on 2025-01-19 05:49:07 CET.
Flavor | Version | Tinstall | Tcheck | Ttotal | Status | Flags |
---|---|---|---|---|---|---|
r-devel-linux-x86_64-debian-clang | 3.1.0 | 378.14 | 102.78 | 480.92 | OK | |
r-devel-linux-x86_64-debian-gcc | 3.1.0 | 293.12 | 71.61 | 364.73 | OK | |
r-devel-linux-x86_64-fedora-clang | 3.1.0 | 969.60 | OK | |||
r-devel-linux-x86_64-fedora-gcc | 3.1.0 | 1108.25 | OK | |||
r-devel-windows-x86_64 | 3.1.0 | 446.00 | 153.00 | 599.00 | OK | |
r-patched-linux-x86_64 | 3.1.0 | 410.94 | 89.78 | 500.72 | OK | |
r-release-linux-x86_64 | 3.1.0 | 422.30 | 89.50 | 511.80 | OK | |
r-release-macos-arm64 | 3.1.0 | 173.00 | NOTE | |||
r-release-macos-x86_64 | 3.1.0 | 278.00 | NOTE | |||
r-release-windows-x86_64 | 3.1.0 | 450.00 | 152.00 | 602.00 | OK | |
r-oldrel-macos-arm64 | 3.1.0 | 186.00 | NOTE | |||
r-oldrel-macos-x86_64 | 3.1.0 | 244.00 | NOTE | |||
r-oldrel-windows-x86_64 | 3.1.0 | 515.00 | 174.00 | 689.00 | OK |
Version: 3.1.0
Check: installed package size
Result: NOTE
installed size is 16.9Mb
sub-directories of 1Mb or more:
doc 1.5Mb
libs 15.0Mb
Flavors: r-release-macos-arm64, r-release-macos-x86_64, r-oldrel-macos-arm64, r-oldrel-macos-x86_64