Last updated on 2025-01-19 05:49:07 CET.
Flavor | Version | Tinstall | Tcheck | Ttotal | Status | Flags |
---|---|---|---|---|---|---|
r-devel-linux-x86_64-debian-clang | 1.0.1 | 15.05 | 21.92 | 36.97 | NOTE | |
r-devel-linux-x86_64-debian-gcc | 1.0.1 | 11.38 | 18.11 | 29.49 | NOTE | |
r-devel-linux-x86_64-fedora-clang | 1.0.1 | 66.47 | NOTE | |||
r-devel-linux-x86_64-fedora-gcc | 1.0.1 | 68.20 | NOTE | |||
r-devel-windows-x86_64 | 1.0.1 | 18.00 | 61.00 | 79.00 | NOTE | |
r-patched-linux-x86_64 | 1.0.1 | 16.36 | 21.17 | 37.53 | NOTE | |
r-release-linux-x86_64 | 1.0.1 | 16.58 | 21.45 | 38.03 | NOTE | |
r-release-macos-arm64 | 1.0.1 | 22.00 | NOTE | |||
r-release-macos-x86_64 | 1.0.1 | 32.00 | NOTE | |||
r-release-windows-x86_64 | 1.0.1 | 17.00 | 63.00 | 80.00 | NOTE | |
r-oldrel-macos-arm64 | 1.0.1 | 27.00 | NOTE | |||
r-oldrel-macos-x86_64 | 1.0.1 | 37.00 | NOTE | |||
r-oldrel-windows-x86_64 | 1.0.1 | 20.00 | 71.00 | 91.00 | NOTE |
Version: 1.0.1
Check: C++ specification
Result: NOTE
Specified C++11: please drop specification unless essential
Flavors: r-devel-linux-x86_64-debian-clang, r-devel-linux-x86_64-debian-gcc, r-devel-linux-x86_64-fedora-clang, r-devel-linux-x86_64-fedora-gcc, r-devel-windows-x86_64, r-patched-linux-x86_64, r-release-linux-x86_64, r-release-macos-arm64, r-release-macos-x86_64, r-release-windows-x86_64, r-oldrel-macos-arm64, r-oldrel-macos-x86_64, r-oldrel-windows-x86_64