CRAN Package Check Results for Package diffeqr

Last updated on 2025-01-19 05:49:07 CET.

Flavor Version Tinstall Tcheck Ttotal Status Flags
r-devel-linux-x86_64-debian-clang 2.1.0 2.32 32.72 35.04 OK
r-devel-linux-x86_64-debian-gcc 2.1.0 1.93 27.04 28.97 OK
r-devel-linux-x86_64-fedora-clang 2.1.0 59.36 OK
r-devel-linux-x86_64-fedora-gcc 2.1.0 74.61 OK
r-devel-windows-x86_64 2.1.0 4.00 64.00 68.00 OK
r-patched-linux-x86_64 2.1.0 2.88 31.70 34.58 OK
r-release-linux-x86_64 2.1.0 2.21 31.45 33.66 OK
r-release-macos-arm64 2.1.0 38.00 NOTE
r-release-macos-x86_64 2.1.0 110.00 NOTE
r-release-windows-x86_64 2.1.0 4.00 63.00 67.00 NOTE
r-oldrel-macos-arm64 2.1.0 39.00 NOTE
r-oldrel-macos-x86_64 2.1.0 101.00 NOTE
r-oldrel-windows-x86_64 2.1.0 5.00 65.00 70.00 NOTE

Check Details

Version: 2.1.0
Check: installed package size
Result: NOTE installed size is 10.9Mb sub-directories of 1Mb or more: doc 10.8Mb Flavors: r-release-macos-arm64, r-release-macos-x86_64, r-release-windows-x86_64, r-oldrel-macos-arm64, r-oldrel-macos-x86_64, r-oldrel-windows-x86_64