CRAN Package Check Results for Package diffr

Last updated on 2025-01-19 05:49:07 CET.

Flavor Version Tinstall Tcheck Ttotal Status Flags
r-devel-linux-x86_64-debian-clang 0.1 2.42 22.68 25.10 NOTE
r-devel-linux-x86_64-debian-gcc 0.1 2.01 17.99 20.00 NOTE
r-devel-linux-x86_64-fedora-clang 0.1 40.69 OK
r-devel-linux-x86_64-fedora-gcc 0.1 40.55 OK
r-devel-windows-x86_64 0.1 4.00 50.00 54.00 NOTE
r-patched-linux-x86_64 0.1 6.02 21.87 27.89 NOTE
r-release-linux-x86_64 0.1 2.20 21.64 23.84 NOTE
r-release-macos-arm64 0.1 18.00 NOTE
r-release-macos-x86_64 0.1 27.00 NOTE
r-release-windows-x86_64 0.1 5.00 50.00 55.00 NOTE
r-oldrel-macos-arm64 0.1 18.00 NOTE
r-oldrel-macos-x86_64 0.1 25.00 NOTE
r-oldrel-windows-x86_64 0.1 4.00 52.00 56.00 NOTE

Check Details

Version: 0.1
Check: Rd cross-references
Result: NOTE Found the following Rd file(s) with Rd \link{} targets missing package anchors: diffr.Rd: createWidget Please provide package anchors for all Rd \link{} targets not in the package itself and the base packages. Flavors: r-devel-linux-x86_64-debian-clang, r-devel-linux-x86_64-debian-gcc, r-devel-windows-x86_64

Version: 0.1
Check: LazyData
Result: NOTE 'LazyData' is specified without a 'data' directory Flavors: r-patched-linux-x86_64, r-release-linux-x86_64, r-release-macos-arm64, r-release-macos-x86_64, r-release-windows-x86_64, r-oldrel-macos-arm64, r-oldrel-macos-x86_64, r-oldrel-windows-x86_64