CRAN Package Check Results for Package directotree

Last updated on 2025-01-19 05:49:07 CET.

Flavor Version Tinstall Tcheck Ttotal Status Flags
r-devel-linux-x86_64-debian-clang 1.0.0 2.54 23.31 25.85 OK
r-devel-linux-x86_64-debian-gcc 1.0.0 2.02 18.12 20.14 OK
r-devel-linux-x86_64-fedora-clang 1.0.0 43.35 OK
r-devel-linux-x86_64-fedora-gcc 1.0.0 41.93 OK
r-devel-windows-x86_64 1.0.0 5.00 45.00 50.00 OK
r-patched-linux-x86_64 1.0.0 2.39 22.32 24.71 NOTE
r-release-linux-x86_64 1.0.0 2.51 22.10 24.61 NOTE
r-release-macos-arm64 1.0.0 20.00 NOTE
r-release-macos-x86_64 1.0.0 32.00 NOTE
r-release-windows-x86_64 1.0.0 5.00 45.00 50.00 NOTE
r-oldrel-macos-arm64 1.0.0 21.00 NOTE
r-oldrel-macos-x86_64 1.0.0 23.00 NOTE
r-oldrel-windows-x86_64 1.0.0 4.00 48.00 52.00 NOTE

Check Details

Version: 1.0.0
Check: LazyData
Result: NOTE 'LazyData' is specified without a 'data' directory Flavors: r-patched-linux-x86_64, r-release-linux-x86_64, r-release-macos-arm64, r-release-macos-x86_64, r-release-windows-x86_64, r-oldrel-macos-arm64, r-oldrel-macos-x86_64, r-oldrel-windows-x86_64