Last updated on 2025-01-19 05:49:07 CET.
Flavor | Version | Tinstall | Tcheck | Ttotal | Status | Flags |
---|---|---|---|---|---|---|
r-devel-linux-x86_64-debian-clang | 0.4.0 | 93.16 | 771.10 | 864.26 | OK | |
r-devel-linux-x86_64-debian-gcc | 0.4.0 | 76.81 | 513.65 | 590.46 | OK | |
r-devel-linux-x86_64-fedora-clang | 0.4.0 | 1317.92 | OK | |||
r-devel-linux-x86_64-fedora-gcc | 0.4.0 | 1411.50 | OK | |||
r-devel-windows-x86_64 | 0.4.0 | 96.00 | 696.00 | 792.00 | OK | |
r-patched-linux-x86_64 | 0.4.0 | 109.55 | 773.99 | 883.54 | OK | |
r-release-linux-x86_64 | 0.4.0 | 113.97 | 762.77 | 876.74 | OK | |
r-release-macos-arm64 | 0.4.0 | 290.00 | NOTE | |||
r-release-macos-x86_64 | 0.4.0 | 484.00 | NOTE | |||
r-release-windows-x86_64 | 0.4.0 | 95.00 | 707.00 | 802.00 | NOTE | |
r-oldrel-macos-arm64 | 0.4.0 | 388.00 | NOTE | |||
r-oldrel-macos-x86_64 | 0.4.0 | 687.00 | NOTE | |||
r-oldrel-windows-x86_64 | 0.4.0 | 108.00 | 940.00 | 1048.00 | NOTE |
Version: 0.4.0
Check: installed package size
Result: NOTE
installed size is 48.1Mb
sub-directories of 1Mb or more:
libs 47.5Mb
Flavors: r-release-macos-arm64, r-release-macos-x86_64, r-release-windows-x86_64, r-oldrel-macos-arm64, r-oldrel-macos-x86_64, r-oldrel-windows-x86_64