Last updated on 2025-02-08 20:48:21 CET.
Flavor | Version | Tinstall | Tcheck | Ttotal | Status | Flags |
---|---|---|---|---|---|---|
r-devel-linux-x86_64-debian-clang | 3.1.2 | 19.10 | 128.18 | 147.28 | NOTE | |
r-devel-linux-x86_64-debian-gcc | 3.1.2 | 12.11 | 88.08 | 100.19 | NOTE | |
r-devel-linux-x86_64-fedora-clang | 3.1.2 | 258.20 | NOTE | |||
r-devel-linux-x86_64-fedora-gcc | 3.1.2 | 220.74 | NOTE | |||
r-devel-windows-x86_64 | 3.1.2 | 22.00 | 138.00 | 160.00 | NOTE | |
r-patched-linux-x86_64 | 3.1.2 | 16.85 | 119.12 | 135.97 | NOTE | |
r-release-linux-x86_64 | 3.1.2 | 17.51 | 118.94 | 136.45 | NOTE | |
r-release-macos-arm64 | 3.1.2 | 61.00 | NOTE | |||
r-release-macos-x86_64 | 3.1.2 | 92.00 | NOTE | |||
r-release-windows-x86_64 | 3.1.2 | 20.00 | 138.00 | 158.00 | NOTE | |
r-oldrel-macos-arm64 | 3.1.2 | 65.00 | OK | |||
r-oldrel-macos-x86_64 | 3.1.2 | 123.00 | OK | |||
r-oldrel-windows-x86_64 | 3.1.2 | 27.00 | 175.00 | 202.00 | OK |
Version: 3.1.2
Check: DESCRIPTION meta-information
Result: NOTE
Missing dependency on R >= 4.1.0 because package code uses the pipe
|> or function shorthand \(...) syntax added in R 4.1.0.
File(s) using such syntax:
‘mod_acp.R’ ‘mod_acp_utils.R’ ‘mod_afc.R’ ‘mod_afc_utils.R’
‘mod_afcm.R’ ‘mod_afcm_utils.R’ ‘mod_cluster_utils.R’
Flavors: r-devel-linux-x86_64-debian-clang, r-devel-linux-x86_64-debian-gcc, r-devel-linux-x86_64-fedora-clang, r-devel-linux-x86_64-fedora-gcc, r-devel-windows-x86_64
Version: 3.1.2
Check: Rd files
Result: NOTE
checkRd: (-1) app_server.Rd:10: Lost braces; missing escapes or markup?
10 | \item{input, output, session}{Internal parameters for `{shiny}`.
| ^
Flavors: r-devel-linux-x86_64-debian-clang, r-devel-linux-x86_64-debian-gcc, r-devel-linux-x86_64-fedora-clang, r-devel-linux-x86_64-fedora-gcc, r-devel-windows-x86_64, r-patched-linux-x86_64, r-release-linux-x86_64, r-release-macos-arm64, r-release-macos-x86_64, r-release-windows-x86_64