CRAN Package Check Results for Package disdat

Last updated on 2025-01-19 05:49:07 CET.

Flavor Version Tinstall Tcheck Ttotal Status Flags
r-devel-linux-x86_64-debian-clang 1.0-1 2.17 57.82 59.99 OK
r-devel-linux-x86_64-debian-gcc 1.0-1 1.72 43.68 45.40 OK
r-devel-linux-x86_64-fedora-clang 1.0-1 103.98 OK
r-devel-linux-x86_64-fedora-gcc 1.0-1 118.65 OK
r-devel-windows-x86_64 1.0-1 4.00 81.00 85.00 OK
r-patched-linux-x86_64 1.0-1 2.45 55.80 58.25 OK
r-release-linux-x86_64 1.0-1 2.21 55.66 57.87 OK
r-release-macos-arm64 1.0-1 36.00 NOTE
r-release-macos-x86_64 1.0-1 57.00 NOTE
r-release-windows-x86_64 1.0-1 4.00 79.00 83.00 NOTE
r-oldrel-macos-arm64 1.0-1 37.00 NOTE
r-oldrel-macos-x86_64 1.0-1 62.00 NOTE
r-oldrel-windows-x86_64 1.0-1 4.00 91.00 95.00 NOTE

Check Details

Version: 1.0-1
Check: installed package size
Result: NOTE installed size is 6.2Mb sub-directories of 1Mb or more: doc 1.5Mb extdata 4.2Mb Flavors: r-release-macos-arm64, r-release-macos-x86_64, r-release-windows-x86_64, r-oldrel-macos-arm64, r-oldrel-macos-x86_64, r-oldrel-windows-x86_64