Last updated on 2025-01-19 05:49:07 CET.
Flavor | Version | Tinstall | Tcheck | Ttotal | Status | Flags |
---|---|---|---|---|---|---|
r-devel-linux-x86_64-debian-clang | 1.3-3 | 21.05 | 101.93 | 122.98 | NOTE | |
r-devel-linux-x86_64-debian-gcc | 1.3-3 | 13.57 | 73.24 | 86.81 | NOTE | |
r-devel-linux-x86_64-fedora-clang | 1.3-3 | 199.26 | NOTE | |||
r-devel-linux-x86_64-fedora-gcc | 1.3-3 | 205.14 | NOTE | |||
r-devel-windows-x86_64 | 1.3-3 | 27.00 | 118.00 | 145.00 | NOTE | |
r-patched-linux-x86_64 | 1.3-3 | 21.77 | 94.40 | 116.17 | OK | |
r-release-linux-x86_64 | 1.3-3 | 19.28 | 94.94 | 114.22 | OK | |
r-release-macos-arm64 | 1.3-3 | 63.00 | OK | |||
r-release-macos-x86_64 | 1.3-3 | 102.00 | OK | |||
r-release-windows-x86_64 | 1.3-3 | 28.00 | 122.00 | 150.00 | OK | |
r-oldrel-macos-arm64 | 1.3-3 | 65.00 | OK | |||
r-oldrel-macos-x86_64 | 1.3-3 | 138.00 | OK | |||
r-oldrel-windows-x86_64 | 1.3-3 | 28.00 | 148.00 | 176.00 | OK |
Version: 1.3-3
Check: compiled code
Result: NOTE
File ‘distcomp/libs/distcomp.so’:
Found non-API call to R: ‘NAMED’
Compiled code should not call non-API entry points in R.
See ‘Writing portable packages’ in the ‘Writing R Extensions’ manual,
and section ‘Moving into C API compliance’ for issues with the use of
non-API entry points.
Flavors: r-devel-linux-x86_64-debian-clang, r-devel-linux-x86_64-debian-gcc, r-devel-linux-x86_64-fedora-clang, r-devel-linux-x86_64-fedora-gcc
Version: 1.3-3
Check: compiled code
Result: NOTE
File 'distcomp/libs/x64/distcomp.dll':
Found non-API call to R: 'NAMED'
Compiled code should not call non-API entry points in R.
See 'Writing portable packages' in the 'Writing R Extensions' manual,
and section 'Moving into C API compliance' for issues with the use of
non-API entry points.
Flavor: r-devel-windows-x86_64