Last updated on 2024-04-21 12:53:54 CEST.
Flavor | Version | Tinstall | Tcheck | Ttotal | Status | Flags |
---|---|---|---|---|---|---|
r-devel-linux-x86_64-debian-clang | 1.2-1 | 4.60 | 38.03 | 42.63 | NOTE | |
r-devel-linux-x86_64-debian-gcc | 1.2-1 | 3.13 | 27.84 | 30.97 | NOTE | |
r-devel-linux-x86_64-fedora-clang | 1.2-1 | 49.70 | NOTE | |||
r-devel-linux-x86_64-fedora-gcc | 1.2-1 | 47.50 | NOTE | |||
r-prerel-macos-arm64 | 1.2-1 | 18.00 | NOTE | |||
r-prerel-windows-x86_64 | 1.2-1 | 4.00 | 45.00 | 49.00 | NOTE | |
r-patched-linux-x86_64 | 1.2-1 | 4.56 | 34.93 | 39.49 | NOTE | |
r-release-linux-x86_64 | 1.2-1 | 4.08 | 36.60 | 40.68 | NOTE | |
r-release-macos-arm64 | 1.2-1 | 17.00 | NOTE | |||
r-release-macos-x86_64 | 1.2-1 | 28.00 | NOTE | |||
r-release-windows-x86_64 | 1.2-1 | 6.00 | 50.00 | 56.00 | NOTE | |
r-oldrel-macos-arm64 | 1.2-1 | 18.00 | OK | |||
r-oldrel-windows-x86_64 | 1.2-1 | 8.00 | 55.00 | 63.00 | OK |
Version: 1.2-1
Check: Rd files
Result: NOTE
checkRd: (-1) booter.Rd:68: Escaped LaTeX specials: \&
checkRd: (-1) ci.booted.Rd:53: Escaped LaTeX specials: \&
checkRd: (-1) pbooter.Rd:57: Escaped LaTeX specials: \&
Flavors: r-devel-linux-x86_64-debian-clang, r-devel-linux-x86_64-debian-gcc, r-devel-linux-x86_64-fedora-clang, r-devel-linux-x86_64-fedora-gcc, r-prerel-macos-arm64, r-prerel-windows-x86_64, r-patched-linux-x86_64, r-release-linux-x86_64, r-release-macos-arm64, r-release-macos-x86_64, r-release-windows-x86_64