Last updated on 2025-01-19 05:49:07 CET.
Flavor | Version | Tinstall | Tcheck | Ttotal | Status | Flags |
---|---|---|---|---|---|---|
r-devel-linux-x86_64-debian-clang | 2.0.6 | 6.41 | 42.25 | 48.66 | OK | |
r-devel-linux-x86_64-debian-gcc | 2.0.6 | 4.60 | 28.89 | 33.49 | OK | |
r-devel-linux-x86_64-fedora-clang | 2.0.6 | 81.06 | NOTE | |||
r-devel-linux-x86_64-fedora-gcc | 2.0.6 | 77.61 | NOTE | |||
r-devel-windows-x86_64 | 2.0.6 | 7.00 | 70.00 | 77.00 | OK | |
r-patched-linux-x86_64 | 2.0.6 | 7.01 | 41.36 | 48.37 | OK | |
r-release-linux-x86_64 | 2.0.6 | 5.68 | 41.39 | 47.07 | OK | |
r-release-macos-arm64 | 2.0.6 | 23.00 | OK | |||
r-release-macos-x86_64 | 2.0.6 | 39.00 | OK | |||
r-release-windows-x86_64 | 2.0.6 | 6.00 | 74.00 | 80.00 | OK | |
r-oldrel-macos-arm64 | 2.0.6 | 25.00 | OK | |||
r-oldrel-macos-x86_64 | 2.0.6 | 42.00 | OK | |||
r-oldrel-windows-x86_64 | 2.0.6 | 6.00 | 80.00 | 86.00 | OK |
Version: 2.0.6
Check: dependencies in R code
Result: NOTE
Namespace in Imports field not imported from: ‘truncnorm’
All declared Imports should be used.
Flavors: r-devel-linux-x86_64-fedora-clang, r-devel-linux-x86_64-fedora-gcc