Last updated on 2025-01-19 05:49:07 CET.
Flavor | Version | Tinstall | Tcheck | Ttotal | Status | Flags |
---|---|---|---|---|---|---|
r-devel-linux-x86_64-debian-clang | 1.1.1 | 42.69 | 27.05 | 69.74 | NOTE | |
r-devel-linux-x86_64-debian-gcc | 1.1.1 | 32.87 | 20.85 | 53.72 | NOTE | |
r-devel-linux-x86_64-fedora-clang | 1.1.1 | 125.46 | NOTE | |||
r-devel-linux-x86_64-fedora-gcc | 1.1.1 | 137.67 | NOTE | |||
r-devel-windows-x86_64 | 1.1.1 | 57.00 | 67.00 | 124.00 | OK | |
r-patched-linux-x86_64 | 1.1.1 | 42.68 | 25.37 | 68.05 | OK | |
r-release-linux-x86_64 | 1.1.1 | 42.57 | 25.32 | 67.89 | OK | |
r-release-macos-arm64 | 1.1.1 | 46.00 | OK | |||
r-release-macos-x86_64 | 1.1.1 | 67.00 | OK | |||
r-release-windows-x86_64 | 1.1.1 | 52.00 | 69.00 | 121.00 | OK | |
r-oldrel-macos-arm64 | 1.1.1 | 45.00 | OK | |||
r-oldrel-macos-x86_64 | 1.1.1 | 66.00 | OK | |||
r-oldrel-windows-x86_64 | 1.1.1 | 57.00 | 77.00 | 134.00 | OK |
Version: 1.1.1
Check: top-level files
Result: NOTE
possible bashism in configure.ac line 33 (test -a/-o):
if test -z "${PKGCONFIG}" -o "${PKGCONFIG}" == "none"; then
possible bashism in configure.ac line 33 (should be 'b = a'):
if test -z "${PKGCONFIG}" -o "${PKGCONFIG}" == "none"; then
Flavors: r-devel-linux-x86_64-debian-clang, r-devel-linux-x86_64-debian-gcc, r-devel-linux-x86_64-fedora-clang, r-devel-linux-x86_64-fedora-gcc