CRAN Package Check Results for Package dlbayes

Last updated on 2025-01-19 05:49:07 CET.

Flavor Version Tinstall Tcheck Ttotal Status Flags
r-devel-linux-x86_64-debian-clang 0.1.0 1.95 35.67 37.62 OK
r-devel-linux-x86_64-debian-gcc 0.1.0 1.54 25.32 26.86 OK
r-devel-linux-x86_64-fedora-clang 0.1.0 62.05 OK
r-devel-linux-x86_64-fedora-gcc 0.1.0 59.58 OK
r-devel-windows-x86_64 0.1.0 4.00 57.00 61.00 OK
r-patched-linux-x86_64 0.1.0 1.58 35.04 36.62 NOTE
r-release-linux-x86_64 0.1.0 1.74 34.06 35.80 NOTE
r-release-macos-arm64 0.1.0 20.00 NOTE
r-release-macos-x86_64 0.1.0 32.00 NOTE
r-release-windows-x86_64 0.1.0 4.00 59.00 63.00 NOTE
r-oldrel-macos-arm64 0.1.0 25.00 NOTE
r-oldrel-macos-x86_64 0.1.0 34.00 NOTE
r-oldrel-windows-x86_64 0.1.0 4.00 66.00 70.00 NOTE

Check Details

Version: 0.1.0
Check: LazyData
Result: NOTE 'LazyData' is specified without a 'data' directory Flavors: r-patched-linux-x86_64, r-release-linux-x86_64, r-release-macos-arm64, r-release-macos-x86_64, r-release-windows-x86_64, r-oldrel-macos-arm64, r-oldrel-macos-x86_64, r-oldrel-windows-x86_64