Last updated on 2025-01-19 05:49:07 CET.
Flavor | Version | Tinstall | Tcheck | Ttotal | Status | Flags |
---|---|---|---|---|---|---|
r-devel-linux-x86_64-debian-clang | 1.0.0 | 389.55 | 115.76 | 505.31 | OK | |
r-devel-linux-x86_64-debian-gcc | 1.0.0 | 325.46 | 109.96 | 435.42 | OK | |
r-devel-linux-x86_64-fedora-clang | 1.0.0 | 852.83 | OK | |||
r-devel-linux-x86_64-fedora-gcc | 1.0.0 | 1094.10 | OK | |||
r-devel-windows-x86_64 | 1.0.0 | 362.00 | 169.00 | 531.00 | OK | |
r-patched-linux-x86_64 | 1.0.0 | 448.68 | 141.16 | 589.84 | OK | |
r-release-linux-x86_64 | 1.0.0 | 445.65 | 142.29 | 587.94 | OK | |
r-release-macos-arm64 | 1.0.0 | 211.00 | NOTE | |||
r-release-macos-x86_64 | 1.0.0 | 235.00 | NOTE | |||
r-release-windows-x86_64 | 1.0.0 | 367.00 | 166.00 | 533.00 | NOTE | |
r-oldrel-macos-arm64 | 1.0.0 | 216.00 | NOTE | |||
r-oldrel-macos-x86_64 | 1.0.0 | 283.00 | NOTE | |||
r-oldrel-windows-x86_64 | 1.0.0 | 410.00 | 217.00 | 627.00 | NOTE |
Version: 1.0.0
Check: installed package size
Result: NOTE
installed size is 51.2Mb
sub-directories of 1Mb or more:
data 2.8Mb
libs 47.6Mb
Flavors: r-release-macos-arm64, r-release-macos-x86_64, r-release-windows-x86_64, r-oldrel-macos-arm64, r-oldrel-macos-x86_64, r-oldrel-windows-x86_64