CRAN Package Check Results for Package dmri.tracking

Last updated on 2025-01-19 05:49:07 CET.

Flavor Version Tinstall Tcheck Ttotal Status Flags
r-devel-linux-x86_64-debian-clang 0.1.0 2.66 28.24 30.90 NOTE
r-devel-linux-x86_64-debian-gcc 0.1.0 1.89 21.88 23.77 NOTE
r-devel-linux-x86_64-fedora-clang 0.1.0 51.97 OK
r-devel-linux-x86_64-fedora-gcc 0.1.0 63.53 OK
r-devel-windows-x86_64 0.1.0 5.00 51.00 56.00 NOTE
r-patched-linux-x86_64 0.1.0 5.99 26.70 32.69 OK
r-release-linux-x86_64 0.1.0 2.67 26.81 29.48 OK
r-release-macos-arm64 0.1.0 26.00 OK
r-release-macos-x86_64 0.1.0 38.00 OK
r-release-windows-x86_64 0.1.0 7.00 51.00 58.00 OK
r-oldrel-macos-arm64 0.1.0 26.00 OK
r-oldrel-macos-x86_64 0.1.0 42.00 OK
r-oldrel-windows-x86_64 0.1.0 7.00 57.00 64.00 OK

Check Details

Version: 0.1.0
Check: Rd cross-references
Result: NOTE Found the following Rd file(s) with Rd \link{} targets missing package anchors: tractography.Rd: rgl Please provide package anchors for all Rd \link{} targets not in the package itself and the base packages. Flavors: r-devel-linux-x86_64-debian-clang, r-devel-linux-x86_64-debian-gcc, r-devel-windows-x86_64