Last updated on 2025-01-19 05:49:07 CET.
Flavor | Version | Tinstall | Tcheck | Ttotal | Status | Flags |
---|---|---|---|---|---|---|
r-devel-linux-x86_64-debian-clang | 0.0.6 | 34.66 | 77.52 | 112.18 | NOTE | |
r-devel-linux-x86_64-debian-gcc | 0.0.6 | 25.49 | 57.86 | 83.35 | NOTE | |
r-devel-linux-x86_64-fedora-clang | 0.0.6 | 189.58 | OK | |||
r-devel-linux-x86_64-fedora-gcc | 0.0.6 | 188.81 | OK | |||
r-devel-windows-x86_64 | 0.0.6 | 36.00 | 112.00 | 148.00 | NOTE | |
r-patched-linux-x86_64 | 0.0.6 | 34.67 | 73.69 | 108.36 | OK | |
r-release-linux-x86_64 | 0.0.6 | 36.47 | 70.91 | 107.38 | OK | |
r-release-macos-arm64 | 0.0.6 | 48.00 | OK | |||
r-release-macos-x86_64 | 0.0.6 | 71.00 | OK | |||
r-release-windows-x86_64 | 0.0.6 | 38.00 | 109.00 | 147.00 | OK | |
r-oldrel-macos-arm64 | 0.0.6 | 60.00 | OK | |||
r-oldrel-macos-x86_64 | 0.0.6 | 95.00 | OK | |||
r-oldrel-windows-x86_64 | 0.0.6 | 42.00 | 134.00 | 176.00 | OK |
Version: 0.0.6
Check: Rd cross-references
Result: NOTE
Found the following Rd file(s) with Rd \link{} targets missing package
anchors:
deepAFT.Rd: survreg
deepSurv.Rd: survreg
dnn-package.Rd: coxph, survival
print.Rd: survreg
survfit.deepAFT.Rd: survfit
Please provide package anchors for all Rd \link{} targets not in the
package itself and the base packages.
Flavors: r-devel-linux-x86_64-debian-clang, r-devel-linux-x86_64-debian-gcc, r-devel-windows-x86_64