CRAN Package Check Results for Package doMPI

Last updated on 2025-01-19 05:49:07 CET.

Flavor Version Tinstall Tcheck Ttotal Status Flags
r-devel-linux-x86_64-debian-clang 0.2.2 2.96 29.85 32.81 OK
r-devel-linux-x86_64-debian-gcc 0.2.2 2.89 26.06 28.95 OK
r-devel-linux-x86_64-fedora-clang 0.2.2 65.19 OK
r-devel-linux-x86_64-fedora-gcc 0.2.2 74.86 OK
r-devel-windows-x86_64 0.2.2 4.00 58.00 62.00 OK
r-patched-linux-x86_64 0.2.2 3.30 29.21 32.51 OK
r-release-linux-x86_64 0.2.2 3.27 29.25 32.52 OK
r-release-macos-arm64 0.2.2 9.00 ERROR
r-release-macos-x86_64 0.2.2 11.00 ERROR
r-release-windows-x86_64 0.2.2 5.00 58.00 63.00 OK
r-oldrel-macos-arm64 0.2.2 9.00 ERROR
r-oldrel-macos-x86_64 0.2.2 10.00 ERROR
r-oldrel-windows-x86_64 0.2.2 5.00 61.00 66.00 OK

Check Details

Version: 0.2.2
Check: package dependencies
Result: ERROR Package required but not available: ‘Rmpi’ See section ‘The DESCRIPTION file’ in the ‘Writing R Extensions’ manual. Flavors: r-release-macos-arm64, r-release-macos-x86_64, r-oldrel-macos-arm64, r-oldrel-macos-x86_64