Last updated on 2025-01-19 05:49:07 CET.
Flavor | Version | Tinstall | Tcheck | Ttotal | Status | Flags |
---|---|---|---|---|---|---|
r-devel-linux-x86_64-debian-clang | 0.2.0 | 57.21 | 42.39 | 99.60 | NOTE | |
r-devel-linux-x86_64-debian-gcc | 0.2.0 | 41.66 | 31.07 | 72.73 | NOTE | |
r-devel-linux-x86_64-fedora-clang | 0.2.0 | 201.58 | NOTE | |||
r-devel-linux-x86_64-fedora-gcc | 0.2.0 | 201.19 | NOTE | |||
r-devel-windows-x86_64 | 0.2.0 | 56.00 | 83.00 | 139.00 | NOTE | |
r-patched-linux-x86_64 | 0.2.0 | 59.09 | 40.52 | 99.61 | NOTE | |
r-release-linux-x86_64 | 0.2.0 | 57.02 | 39.11 | 96.13 | NOTE | |
r-release-macos-arm64 | 0.2.0 | 56.00 | NOTE | |||
r-release-macos-x86_64 | 0.2.0 | 76.00 | NOTE | |||
r-release-windows-x86_64 | 0.2.0 | 61.00 | 86.00 | 147.00 | NOTE | |
r-oldrel-macos-arm64 | 0.2.0 | 67.00 | NOTE | |||
r-oldrel-macos-x86_64 | 0.2.0 | 116.00 | NOTE | |||
r-oldrel-windows-x86_64 | 0.2.0 | 66.00 | 98.00 | 164.00 | NOTE |
Version: 0.2.0
Check: C++ specification
Result: NOTE
Specified C++11: please drop specification unless essential
Flavors: r-devel-linux-x86_64-debian-clang, r-devel-linux-x86_64-debian-gcc, r-devel-linux-x86_64-fedora-clang, r-devel-linux-x86_64-fedora-gcc, r-devel-windows-x86_64, r-patched-linux-x86_64, r-release-linux-x86_64, r-release-macos-arm64, r-release-macos-x86_64, r-release-windows-x86_64, r-oldrel-macos-arm64, r-oldrel-macos-x86_64, r-oldrel-windows-x86_64
Version: 0.2.0
Check: installed package size
Result: NOTE
installed size is 7.2Mb
sub-directories of 1Mb or more:
data 4.8Mb
libs 2.3Mb
Flavors: r-release-macos-arm64, r-release-macos-x86_64, r-release-windows-x86_64, r-oldrel-macos-arm64, r-oldrel-macos-x86_64, r-oldrel-windows-x86_64