Last updated on 2025-01-19 05:49:07 CET.
Flavor | Version | Tinstall | Tcheck | Ttotal | Status | Flags |
---|---|---|---|---|---|---|
r-devel-linux-x86_64-debian-clang | 0.4.0 | 4.29 | 54.48 | 58.77 | OK | |
r-devel-linux-x86_64-debian-gcc | 0.4.0 | 3.26 | 35.22 | 38.48 | OK | |
r-devel-linux-x86_64-fedora-clang | 0.4.0 | 94.23 | OK | |||
r-devel-linux-x86_64-fedora-gcc | 0.4.0 | 90.92 | OK | |||
r-devel-windows-x86_64 | 0.4.0 | 7.00 | 73.00 | 80.00 | OK | |
r-patched-linux-x86_64 | 0.4.0 | 5.23 | 53.30 | 58.53 | NOTE | |
r-release-linux-x86_64 | 0.4.0 | 4.22 | 49.80 | 54.02 | NOTE | |
r-release-macos-arm64 | 0.4.0 | 27.00 | NOTE | |||
r-release-macos-x86_64 | 0.4.0 | 48.00 | NOTE | |||
r-release-windows-x86_64 | 0.4.0 | 8.00 | 74.00 | 82.00 | NOTE | |
r-oldrel-macos-arm64 | 0.4.0 | 30.00 | NOTE | |||
r-oldrel-macos-x86_64 | 0.4.0 | 45.00 | NOTE | |||
r-oldrel-windows-x86_64 | 0.4.0 | 9.00 | 94.00 | 103.00 | NOTE |
Version: 0.4.0
Check: LazyData
Result: NOTE
'LazyData' is specified without a 'data' directory
Flavors: r-patched-linux-x86_64, r-release-linux-x86_64, r-release-macos-arm64, r-release-macos-x86_64, r-release-windows-x86_64, r-oldrel-macos-arm64, r-oldrel-macos-x86_64, r-oldrel-windows-x86_64