Last updated on 2025-01-19 05:49:07 CET.
Flavor | Version | Tinstall | Tcheck | Ttotal | Status | Flags |
---|---|---|---|---|---|---|
r-devel-linux-x86_64-debian-clang | 2.1.0 | 5.99 | 97.42 | 103.41 | NOTE | |
r-devel-linux-x86_64-debian-gcc | 2.1.0 | 4.14 | 68.05 | 72.19 | NOTE | |
r-devel-linux-x86_64-fedora-clang | 2.1.0 | 173.73 | OK | |||
r-devel-linux-x86_64-fedora-gcc | 2.1.0 | 180.37 | OK | |||
r-devel-windows-x86_64 | 2.1.0 | 7.00 | 114.00 | 121.00 | NOTE | |
r-patched-linux-x86_64 | 2.1.0 | 6.26 | 90.82 | 97.08 | OK | |
r-release-linux-x86_64 | 2.1.0 | 4.84 | 91.19 | 96.03 | OK | |
r-release-macos-arm64 | 2.1.0 | 53.00 | OK | |||
r-release-macos-x86_64 | 2.1.0 | 79.00 | OK | |||
r-release-windows-x86_64 | 2.1.0 | 9.00 | 111.00 | 120.00 | OK | |
r-oldrel-macos-arm64 | 2.1.0 | 62.00 | OK | |||
r-oldrel-macos-x86_64 | 2.1.0 | 97.00 | OK | |||
r-oldrel-windows-x86_64 | 2.1.0 | 10.00 | 133.00 | 143.00 | OK |
Version: 2.1.0
Check: Rd cross-references
Result: NOTE
Found the following Rd file(s) with Rd \link{} targets missing package
anchors:
bootAverageDominanceAnalysis.Rd: boot
Please provide package anchors for all Rd \link{} targets not in the
package itself and the base packages.
Flavors: r-devel-linux-x86_64-debian-clang, r-devel-linux-x86_64-debian-gcc, r-devel-windows-x86_64