CRAN Package Check Results for Package dosedesignR

Last updated on 2020-12-01 12:49:17 CET.

Flavor Version Tinstall Tcheck Ttotal Status Flags
r-devel-linux-x86_64-debian-clang 0.2.4 3.81 23.53 27.34 OK
r-devel-linux-x86_64-debian-gcc 0.2.4 2.62 18.73 21.35 OK
r-devel-linux-x86_64-fedora-clang 0.2.4 37.56 NOTE
r-devel-linux-x86_64-fedora-gcc 0.2.4 28.23 NOTE
r-devel-windows-ix86+x86_64 0.2.4 6.00 39.00 45.00 OK
r-patched-linux-x86_64 0.2.4 3.17 22.93 26.10 OK
r-patched-solaris-x86 0.2.4 43.50 NOTE
r-release-linux-x86_64 0.2.4 2.45 22.80 25.25 OK
r-release-macos-x86_64 0.2.4 NOTE
r-release-windows-ix86+x86_64 0.2.4 5.00 32.00 37.00 OK
r-oldrel-macos-x86_64 0.2.4 NOTE
r-oldrel-windows-ix86+x86_64 0.2.4 4.00 38.00 42.00 OK

Check Details

Version: 0.2.4
Check: dependencies in R code
Result: NOTE
    Namespaces in Imports field not imported from:
     ‘DT’ ‘DoseFinding’ ‘ggplot2’ ‘lattice’ ‘latticeExtra’ ‘shinyjs’
     All declared Imports should be used.
Flavors: r-devel-linux-x86_64-fedora-clang, r-devel-linux-x86_64-fedora-gcc, r-patched-solaris-x86, r-release-macos-x86_64, r-oldrel-macos-x86_64