Last updated on 2025-01-19 05:49:07 CET.
Flavor | Version | Tinstall | Tcheck | Ttotal | Status | Flags |
---|---|---|---|---|---|---|
r-devel-linux-x86_64-debian-clang | 2.3 | 50.68 | 564.93 | 615.61 | OK | |
r-devel-linux-x86_64-debian-gcc | 2.3 | 39.44 | 405.49 | 444.93 | OK | |
r-devel-linux-x86_64-fedora-clang | 2.3 | 1051.33 | OK | |||
r-devel-linux-x86_64-fedora-gcc | 2.3 | 1045.18 | OK | |||
r-devel-windows-x86_64 | 2.3 | 50.00 | 581.00 | 631.00 | OK | |
r-patched-linux-x86_64 | 2.3 | 47.81 | 530.04 | 577.85 | OK | |
r-release-linux-x86_64 | 2.3 | 50.14 | 520.77 | 570.91 | OK | |
r-release-macos-arm64 | 2.3 | 196.00 | OK | |||
r-release-macos-x86_64 | 2.3 | 315.00 | NOTE | |||
r-release-windows-x86_64 | 2.3 | 48.00 | 566.00 | 614.00 | OK | |
r-oldrel-macos-arm64 | 2.3 | 255.00 | NOTE | |||
r-oldrel-macos-x86_64 | 2.3 | 330.00 | NOTE | |||
r-oldrel-windows-x86_64 | 2.3 | 71.00 | 700.00 | 771.00 | NOTE |
Version: 2.3
Check: package dependencies
Result: NOTE
Package suggested but not available for checking: ‘pwalign’
Flavors: r-release-macos-x86_64, r-oldrel-macos-arm64, r-oldrel-macos-x86_64, r-oldrel-windows-x86_64