Last updated on 2025-01-19 05:49:07 CET.
Flavor | Version | Tinstall | Tcheck | Ttotal | Status | Flags |
---|---|---|---|---|---|---|
r-devel-linux-x86_64-debian-clang | 1.1.4 | 23.68 | 289.95 | 313.63 | NOTE | |
r-devel-linux-x86_64-debian-gcc | 1.1.4 | 15.55 | 189.89 | 205.44 | NOTE | |
r-devel-linux-x86_64-fedora-clang | 1.1.4 | 497.53 | NOTE | |||
r-devel-linux-x86_64-fedora-gcc | 1.1.4 | 476.48 | NOTE | |||
r-devel-windows-x86_64 | 1.1.4 | 35.00 | 298.00 | 333.00 | NOTE | |
r-patched-linux-x86_64 | 1.1.4 | 26.73 | 262.55 | 289.28 | OK | |
r-release-linux-x86_64 | 1.1.4 | 22.29 | 264.27 | 286.56 | OK | |
r-release-macos-arm64 | 1.1.4 | 137.00 | OK | |||
r-release-macos-x86_64 | 1.1.4 | 232.00 | OK | |||
r-release-windows-x86_64 | 1.1.4 | 35.00 | 288.00 | 323.00 | OK | |
r-oldrel-macos-arm64 | 1.1.4 | 136.00 | OK | |||
r-oldrel-macos-x86_64 | 1.1.4 | 480.00 | OK | |||
r-oldrel-windows-x86_64 | 1.1.4 | 37.00 | 381.00 | 418.00 | OK |
Version: 1.1.4
Check: compiled code
Result: NOTE
File ‘dplyr/libs/dplyr.so’:
Found non-API calls to R: ‘LEVELS’, ‘PRVALUE’,
‘R_shallow_duplicate_attr’, ‘SET_PRCODE’, ‘SET_PRENV’,
‘SET_PRVALUE’
Compiled code should not call non-API entry points in R.
See ‘Writing portable packages’ in the ‘Writing R Extensions’ manual,
and section ‘Moving into C API compliance’ for issues with the use of
non-API entry points.
Flavors: r-devel-linux-x86_64-debian-clang, r-devel-linux-x86_64-debian-gcc, r-devel-linux-x86_64-fedora-clang, r-devel-linux-x86_64-fedora-gcc
Version: 1.1.4
Check: compiled code
Result: NOTE
File 'dplyr/libs/x64/dplyr.dll':
Found non-API calls to R: 'LEVELS', 'PRVALUE',
'R_shallow_duplicate_attr', 'SET_PRCODE', 'SET_PRENV',
'SET_PRVALUE'
Compiled code should not call non-API entry points in R.
See 'Writing portable packages' in the 'Writing R Extensions' manual,
and section 'Moving into C API compliance' for issues with the use of
non-API entry points.
Flavor: r-devel-windows-x86_64