CRAN Package Check Results for Package dplyr

Last updated on 2019-10-21 12:46:19 CEST.

Flavor Version Tinstall Tcheck Ttotal Status Flags
r-devel-linux-x86_64-debian-clang 0.8.3 306.09 133.56 439.65 OK
r-devel-linux-x86_64-debian-gcc 0.8.3 253.33 101.37 354.70 OK
r-devel-linux-x86_64-fedora-clang 0.8.3 604.91 NOTE
r-devel-linux-x86_64-fedora-gcc 0.8.3 618.61 NOTE
r-devel-windows-ix86+x86_64 0.8.3 509.00 235.00 744.00 NOTE
r-patched-linux-x86_64 0.8.3 261.14 128.24 389.38 OK
r-patched-solaris-x86 0.8.3 580.30 NOTE
r-release-linux-x86_64 0.8.3 255.00 129.47 384.47 OK
r-release-windows-ix86+x86_64 0.8.3 649.00 316.00 965.00 NOTE
r-release-osx-x86_64 0.8.3 NOTE
r-oldrel-windows-ix86+x86_64 0.8.3 473.00 207.00 680.00 NOTE
r-oldrel-osx-x86_64 0.8.3 NOTE

Check Details

Version: 0.8.3
Check: installed package size
Result: NOTE
     installed size is 29.7Mb
     sub-directories of 1Mb or more:
     libs 27.4Mb
Flavors: r-devel-linux-x86_64-fedora-clang, r-devel-windows-ix86+x86_64, r-patched-solaris-x86, r-release-windows-ix86+x86_64, r-release-osx-x86_64, r-oldrel-windows-ix86+x86_64, r-oldrel-osx-x86_64

Version: 0.8.3
Check: data for non-ASCII characters
Result: NOTE
     Note: found 4 marked UTF-8 strings
Flavors: r-devel-linux-x86_64-fedora-clang, r-devel-linux-x86_64-fedora-gcc, r-patched-solaris-x86, r-release-osx-x86_64, r-oldrel-osx-x86_64