CRAN Package Check Results for Package dplyr

Last updated on 2020-06-02 12:48:42 CEST.

Flavor Version Tinstall Tcheck Ttotal Status Flags
r-devel-linux-x86_64-debian-clang 1.0.0 17.94 169.27 187.21 OK
r-devel-linux-x86_64-debian-gcc 1.0.0 13.18 125.68 138.86 OK
r-devel-linux-x86_64-fedora-clang 1.0.0 225.35 NOTE
r-devel-linux-x86_64-fedora-gcc 1.0.0 218.89 NOTE
r-devel-windows-ix86+x86_64 1.0.0 54.00 314.00 368.00 OK
r-patched-linux-x86_64 1.0.0 17.60 164.15 181.75 OK
r-patched-solaris-x86 1.0.0 241.50 NOTE
r-release-linux-x86_64 1.0.0 16.25 165.65 181.90 OK
r-release-osx-x86_64 1.0.0 NOTE
r-release-windows-ix86+x86_64 1.0.0 38.00 232.00 270.00 OK
r-oldrel-osx-x86_64 1.0.0 NOTE
r-oldrel-windows-ix86+x86_64 1.0.0 50.00 322.00 372.00 OK

Additional issues

valgrind

Check Details

Version: 1.0.0
Check: data for non-ASCII characters
Result: NOTE
     Note: found 4 marked UTF-8 strings
Flavors: r-devel-linux-x86_64-fedora-clang, r-devel-linux-x86_64-fedora-gcc, r-patched-solaris-x86, r-release-osx-x86_64, r-oldrel-osx-x86_64