Last updated on 2025-01-19 05:49:07 CET.
Flavor | Version | Tinstall | Tcheck | Ttotal | Status | Flags |
---|---|---|---|---|---|---|
r-devel-linux-x86_64-debian-clang | 0.2.6 | 116.40 | 24.08 | 140.48 | OK | |
r-devel-linux-x86_64-debian-gcc | 0.2.6 | 81.09 | 19.74 | 100.83 | OK | |
r-devel-linux-x86_64-fedora-clang | 0.2.6 | 316.17 | OK | |||
r-devel-linux-x86_64-fedora-gcc | 0.2.6 | 295.07 | OK | |||
r-devel-windows-x86_64 | 0.2.6 | 129.00 | 69.00 | 198.00 | OK | |
r-patched-linux-x86_64 | 0.2.6 | 113.13 | 23.14 | 136.27 | OK | |
r-release-linux-x86_64 | 0.2.6 | 107.53 | 22.90 | 130.43 | OK | |
r-release-macos-arm64 | 0.2.6 | 58.00 | NOTE | |||
r-release-macos-x86_64 | 0.2.6 | 56.00 | NOTE | |||
r-release-windows-x86_64 | 0.2.6 | 134.00 | 70.00 | 204.00 | OK | |
r-oldrel-macos-arm64 | 0.2.6 | 70.00 | NOTE | |||
r-oldrel-macos-x86_64 | 0.2.6 | 123.00 | NOTE | |||
r-oldrel-windows-x86_64 | 0.2.6 | 138.00 | 79.00 | 217.00 | OK |
Version: 0.2.6
Check: installed package size
Result: NOTE
installed size is 12.4Mb
sub-directories of 1Mb or more:
libs 12.2Mb
Flavors: r-release-macos-arm64, r-release-macos-x86_64, r-oldrel-macos-arm64, r-oldrel-macos-x86_64