Last updated on 2025-01-19 05:49:07 CET.
Flavor | Version | Tinstall | Tcheck | Ttotal | Status | Flags |
---|---|---|---|---|---|---|
r-devel-linux-x86_64-debian-clang | 0.1 | 143.65 | 78.33 | 221.98 | OK | |
r-devel-linux-x86_64-debian-gcc | 0.1 | 97.52 | 54.87 | 152.39 | OK | |
r-devel-linux-x86_64-fedora-clang | 0.1 | 437.16 | OK | |||
r-devel-linux-x86_64-fedora-gcc | 0.1 | 452.59 | OK | |||
r-devel-windows-x86_64 | 0.1 | 130.00 | 108.00 | 238.00 | OK | |
r-patched-linux-x86_64 | 0.1 | 152.58 | 69.81 | 222.39 | OK | |
r-release-linux-x86_64 | 0.1 | 133.70 | 70.29 | 203.99 | OK | |
r-release-macos-arm64 | 0.1 | 76.00 | NOTE | |||
r-release-macos-x86_64 | 0.1 | 103.00 | NOTE | |||
r-release-windows-x86_64 | 0.1 | 145.00 | 109.00 | 254.00 | OK | |
r-oldrel-macos-arm64 | 0.1 | 95.00 | NOTE | |||
r-oldrel-macos-x86_64 | 0.1 | 109.00 | NOTE | |||
r-oldrel-windows-x86_64 | 0.1 | 163.00 | 133.00 | 296.00 | OK |
Version: 0.1
Check: installed package size
Result: NOTE
installed size is 9.4Mb
sub-directories of 1Mb or more:
libs 9.2Mb
Flavors: r-release-macos-arm64, r-release-macos-x86_64, r-oldrel-macos-arm64, r-oldrel-macos-x86_64