CRAN Package Check Results for Package drcte

Last updated on 2025-01-19 05:49:07 CET.

Flavor Version Tinstall Tcheck Ttotal Status Flags
r-devel-linux-x86_64-debian-clang 1.0.30 20.86 110.85 131.71 NOTE
r-devel-linux-x86_64-debian-gcc 1.0.30 12.27 76.08 88.35 NOTE
r-devel-linux-x86_64-fedora-clang 1.0.30 217.15 OK
r-devel-linux-x86_64-fedora-gcc 1.0.30 201.89 OK
r-devel-windows-x86_64 1.0.30 22.00 107.00 129.00 NOTE
r-patched-linux-x86_64 1.0.30 27.07 100.66 127.73 OK
r-release-linux-x86_64 1.0.30 20.11 101.61 121.72 OK
r-release-macos-arm64 1.0.30 52.00 OK
r-release-macos-x86_64 1.0.30 79.00 OK
r-release-windows-x86_64 1.0.30 22.00 112.00 134.00 OK
r-oldrel-macos-arm64 1.0.30 51.00 OK
r-oldrel-macos-x86_64 1.0.30 101.00 OK
r-oldrel-windows-x86_64 1.0.30 29.00 145.00 174.00 OK

Check Details

Version: 1.0.30
Check: Rd cross-references
Result: NOTE Found the following Rd file(s) with Rd \link{} targets missing package anchors: ED.drcte.Rd: drm drmte.Rd: LL.4, LL.5, W1.4, getMeanFunctions, drmc drmteControl.Rd: drm Please provide package anchors for all Rd \link{} targets not in the package itself and the base packages. Flavors: r-devel-linux-x86_64-debian-clang, r-devel-linux-x86_64-debian-gcc, r-devel-windows-x86_64