CRAN Package Check Results for Package drifter

Last updated on 2025-01-19 05:49:07 CET.

Flavor Version Tinstall Tcheck Ttotal Status Flags
r-devel-linux-x86_64-debian-clang 0.2.1 5.15 79.34 84.49 OK
r-devel-linux-x86_64-debian-gcc 0.2.1 3.04 58.37 61.41 OK
r-devel-linux-x86_64-fedora-clang 0.2.1 136.16 OK
r-devel-linux-x86_64-fedora-gcc 0.2.1 136.06 OK
r-devel-windows-x86_64 0.2.1 7.00 85.00 92.00 OK
r-patched-linux-x86_64 0.2.1 4.40 75.74 80.14 NOTE
r-release-linux-x86_64 0.2.1 4.87 76.26 81.13 NOTE
r-release-macos-arm64 0.2.1 34.00 NOTE
r-release-macos-x86_64 0.2.1 50.00 NOTE
r-release-windows-x86_64 0.2.1 7.00 92.00 99.00 NOTE
r-oldrel-macos-arm64 0.2.1 35.00 NOTE
r-oldrel-macos-x86_64 0.2.1 51.00 NOTE
r-oldrel-windows-x86_64 0.2.1 8.00 100.00 108.00 NOTE

Check Details

Version: 0.2.1
Check: LazyData
Result: NOTE 'LazyData' is specified without a 'data' directory Flavors: r-patched-linux-x86_64, r-release-linux-x86_64, r-release-macos-arm64, r-release-macos-x86_64, r-release-windows-x86_64, r-oldrel-macos-arm64, r-oldrel-macos-x86_64, r-oldrel-windows-x86_64