CRAN Package Check Results for Package driveR

Last updated on 2025-01-19 05:49:07 CET.

Flavor Version Tinstall Tcheck Ttotal Status Flags
r-devel-linux-x86_64-debian-clang 0.4.1 11.37 152.31 163.68 OK
r-devel-linux-x86_64-debian-gcc 0.4.1 9.21 114.36 123.57 OK
r-devel-linux-x86_64-fedora-clang 0.4.1 282.26 OK
r-devel-linux-x86_64-fedora-gcc 0.4.1 297.25 OK
r-devel-windows-x86_64 0.4.1 13.00 148.00 161.00 OK
r-patched-linux-x86_64 0.4.1 10.34 142.48 152.82 OK
r-release-linux-x86_64 0.4.1 12.00 143.30 155.30 OK
r-release-macos-arm64 0.4.1 10.00 ERROR
r-release-macos-x86_64 0.4.1 13.00 ERROR
r-release-windows-x86_64 0.4.1 13.00 148.00 161.00 NOTE
r-oldrel-macos-arm64 0.4.1 93.00 NOTE
r-oldrel-macos-x86_64 0.4.1 12.00 ERROR
r-oldrel-windows-x86_64 0.4.1 19.00 188.00 207.00 NOTE

Check Details

Version: 0.4.1
Check: package dependencies
Result: ERROR Packages required but not available: 'TxDb.Hsapiens.UCSC.hg19.knownGene', 'TxDb.Hsapiens.UCSC.hg38.knownGene' See section ‘The DESCRIPTION file’ in the ‘Writing R Extensions’ manual. Flavors: r-release-macos-arm64, r-release-macos-x86_64

Version: 0.4.1
Check: installed package size
Result: NOTE installed size is 5.3Mb sub-directories of 1Mb or more: data 1.6Mb extdata 3.2Mb Flavors: r-release-windows-x86_64, r-oldrel-macos-arm64, r-oldrel-windows-x86_64

Version: 0.4.1
Check: package dependencies
Result: ERROR Package required but not available: ‘TxDb.Hsapiens.UCSC.hg38.knownGene’ See section ‘The DESCRIPTION file’ in the ‘Writing R Extensions’ manual. Flavor: r-oldrel-macos-x86_64